{"id":147,"date":"2026-01-20T07:48:01","date_gmt":"2026-01-20T07:48:01","guid":{"rendered":"https:\/\/108giahoa.com\/?post_type=product&#038;p=147"},"modified":"2026-01-20T07:48:02","modified_gmt":"2026-01-20T07:48:02","slug":"thiet-bi-tap-tay-vai-don-va-doi","status":"publish","type":"product","link":"https:\/\/108giahoa.com\/?product=thiet-bi-tap-tay-vai-don-va-doi","title":{"rendered":"THI\u1ebeT B\u1eca T\u1eacP TAY VAI \u0110\u01a0N V\u00c0 \u0110\u00d4I"},"content":{"rendered":"<p><strong>KT: (130x107x185)cm (\u00b13%)<\/strong><br \/>\n\u272aTr\u1ee5 ch\u00ednh l\u00e0m b\u1eb1ng th\u00e9p \u1ed1ng 114 d\u00e0y 3mm<br \/>\n\u272a S\u1ea3n ph\u1ea9m \u0111\u01b0\u1ee3c s\u01a1n t\u0129nh \u0111i\u1ec7n tr\u00ean d\u00e2y truy\u1ec1n c\u00f4ng ngh\u1ec7 cao, l\u00e0m s\u1ea1ch b\u1ec1 m\u1eb7t b\u1eb1ng c\u00f4ng ngh\u1ec7 phun bi cao c\u1ea5p..<br \/>\n\u272a N\u1eafp ch\u1ee5p \u0111\u1ea7u \u1ed1ng v\u00e0 n\u1eafp ch\u1ee5p ch\u00e2n \u0111\u1ebf b\u1eb1ng nh\u1ef1a, b\u1ea3o v\u1ec7 tr\u1ee5, tr\u00e1nh r\u1ec9 s\u00e9t bu l\u00f4ng<\/p>\n","protected":false},"excerpt":{"rendered":"<p>KT: (130x107x185)cm (\u00b13%) \u272aTr\u1ee5 ch\u00ednh l\u00e0m b\u1eb1ng th\u00e9p \u1ed1ng 114 d\u00e0y 3mm \u272a S\u1ea3n ph\u1ea9m \u0111\u01b0\u1ee3c s\u01a1n t\u0129nh \u0111i\u1ec7n tr\u00ean<\/p>\n","protected":false},"featured_media":102,"comment_status":"open","ping_status":"closed","template":"","meta":[],"product_brand":[],"product_cat":[16],"product_tag":[],"class_list":{"0":"post-147","1":"product","2":"type-product","3":"status-publish","4":"has-post-thumbnail","6":"product_cat-thiet-bi-the-duc-the-thao-ngoai-troi","8":"first","9":"instock","10":"shipping-taxable","11":"product-type-simple"},"_links":{"self":[{"href":"https:\/\/108giahoa.com\/index.php?rest_route=\/wp\/v2\/product\/147","targetHints":{"allow":["GET"]}}],"collection":[{"href":"https:\/\/108giahoa.com\/index.php?rest_route=\/wp\/v2\/product"}],"about":[{"href":"https:\/\/108giahoa.com\/index.php?rest_route=\/wp\/v2\/types\/product"}],"replies":[{"embeddable":true,"href":"https:\/\/108giahoa.com\/index.php?rest_route=%2Fwp%2Fv2%2Fcomments&post=147"}],"version-history":[{"count":0,"href":"https:\/\/108giahoa.com\/index.php?rest_route=\/wp\/v2\/product\/147\/revisions"}],"wp:featuredmedia":[{"embeddable":true,"href":"https:\/\/108giahoa.com\/index.php?rest_route=\/wp\/v2\/media\/102"}],"wp:attachment":[{"href":"https:\/\/108giahoa.com\/index.php?rest_route=%2Fwp%2Fv2%2Fmedia&parent=147"}],"wp:term":[{"taxonomy":"product_brand","embeddable":true,"href":"https:\/\/108giahoa.com\/index.php?rest_route=%2Fwp%2Fv2%2Fproduct_brand&post=147"},{"taxonomy":"product_cat","embeddable":true,"href":"https:\/\/108giahoa.com\/index.php?rest_route=%2Fwp%2Fv2%2Fproduct_cat&post=147"},{"taxonomy":"product_tag","embeddable":true,"href":"https:\/\/108giahoa.com\/index.php?rest_route=%2Fwp%2Fv2%2Fproduct_tag&post=147"}],"curies":[{"name":"wp","href":"https:\/\/api.w.org\/{rel}","templated":true}]}}