{"id":29141,"date":"2026-02-14T02:20:44","date_gmt":"2026-02-14T02:20:44","guid":{"rendered":"https:\/\/108giahoa.com\/?post_type=product&#038;p=29141"},"modified":"2026-02-23T02:00:40","modified_gmt":"2026-02-23T02:00:40","slug":"may-vi-tinh-de-ban-robo","status":"publish","type":"product","link":"https:\/\/108giahoa.com\/?product=may-vi-tinh-de-ban-robo","title":{"rendered":"M\u00c1Y VI T\u00cdNH \u0110\u1ec2 B\u00c0N ROBO"},"content":{"rendered":"<p>&#8211; B\u1ed9 vi x\u1eed l\u00fd: Intel\u00ae Core i5-12400 ( 2,50 GHz turbo 4,40GHz \/18M Cache,6 Cores,12 Threads)<\/p>\n<p>&#8211; Bo M\u1ea1ch ch\u1ee7: Intel\u00ae H610 Chipset, Intel\u00ae Socket LGA1700 for 13th Gen Intel\u00ae CoreTM Processors &amp; 12th Gen Intel\u00ae CoreTM, Pentium\u00ae Gold and Celeron\u00ae Processors, 2 x DIMM, Max. 64GB, DDR4 3200\/3000\/2933\/2800\/2666\/2400\/2133 Non-ECC<\/p>\n<p>&#8211; B\u1ed9 nh\u1edb RAM: DDR4 16GB bus 3200<\/p>\n<p>&#8211; \u1ed4 c\u1ee9ng SSD: 512GB<\/p>\n<p>&#8211; Th\u00f9ng m\u00e1y: mATX v\u1edbi b\u1ed9 ngu\u1ed3n PSU 650W<\/p>\n<p>&#8211; M\u00e0n h\u00ecnh vi t\u00ednh: 21.5&#8243; Widescreen, \u0110\u1ed9 ph\u00e2n gi\u1ea3i: 1920 x 1080 (Full HD), C\u1ed5ng k\u1ebft n\u1ed1i: VGA &amp; HDMI<\/p>\n<p>&#8211; B\u00e0n ph\u00edm: USB Standard<\/p>\n<p>&#8211; Chu\u1ed9t: USB Optical Scroll<\/p>\n<p>&nbsp;<\/p>\n","protected":false},"excerpt":{"rendered":"<p>&#8211; B\u1ed9 vi x\u1eed l\u00fd: Intel\u00ae Core i5-12400 ( 2,50 GHz turbo 4,40GHz \/18M Cache,6 Cores,12 Threads) &#8211; Bo M\u1ea1ch<\/p>\n","protected":false},"featured_media":29142,"comment_status":"open","ping_status":"closed","template":"","meta":[],"product_brand":[80],"product_cat":[78],"product_tag":[],"class_list":{"0":"post-29141","1":"product","2":"type-product","3":"status-publish","4":"has-post-thumbnail","6":"product_brand-robo","7":"product_cat-may-vi-tinh-de-ban","9":"first","10":"instock","11":"shipping-taxable","12":"product-type-simple"},"_links":{"self":[{"href":"https:\/\/108giahoa.com\/index.php?rest_route=\/wp\/v2\/product\/29141","targetHints":{"allow":["GET"]}}],"collection":[{"href":"https:\/\/108giahoa.com\/index.php?rest_route=\/wp\/v2\/product"}],"about":[{"href":"https:\/\/108giahoa.com\/index.php?rest_route=\/wp\/v2\/types\/product"}],"replies":[{"embeddable":true,"href":"https:\/\/108giahoa.com\/index.php?rest_route=%2Fwp%2Fv2%2Fcomments&post=29141"}],"version-history":[{"count":1,"href":"https:\/\/108giahoa.com\/index.php?rest_route=\/wp\/v2\/product\/29141\/revisions"}],"predecessor-version":[{"id":29143,"href":"https:\/\/108giahoa.com\/index.php?rest_route=\/wp\/v2\/product\/29141\/revisions\/29143"}],"wp:featuredmedia":[{"embeddable":true,"href":"https:\/\/108giahoa.com\/index.php?rest_route=\/wp\/v2\/media\/29142"}],"wp:attachment":[{"href":"https:\/\/108giahoa.com\/index.php?rest_route=%2Fwp%2Fv2%2Fmedia&parent=29141"}],"wp:term":[{"taxonomy":"product_brand","embeddable":true,"href":"https:\/\/108giahoa.com\/index.php?rest_route=%2Fwp%2Fv2%2Fproduct_brand&post=29141"},{"taxonomy":"product_cat","embeddable":true,"href":"https:\/\/108giahoa.com\/index.php?rest_route=%2Fwp%2Fv2%2Fproduct_cat&post=29141"},{"taxonomy":"product_tag","embeddable":true,"href":"https:\/\/108giahoa.com\/index.php?rest_route=%2Fwp%2Fv2%2Fproduct_tag&post=29141"}],"curies":[{"name":"wp","href":"https:\/\/api.w.org\/{rel}","templated":true}]}}