{"id":29221,"date":"2026-02-14T06:30:04","date_gmt":"2026-02-14T06:30:04","guid":{"rendered":"https:\/\/108giahoa.com\/?post_type=product&#038;p=29221"},"modified":"2026-02-23T01:38:10","modified_gmt":"2026-02-23T01:38:10","slug":"may-scan-2-mat-avision-av332u","status":"publish","type":"product","link":"https:\/\/108giahoa.com\/?product=may-scan-2-mat-avision-av332u","title":{"rendered":"M\u00c1Y IN 2 M\u1eb6T, IN WIFI HP M211Dw"},"content":{"rendered":"<p>&#8211; T\u1ed1c \u0111\u1ed9: 29 trang \/ph\u00fat kh\u1ed5 A4.<br \/>\n&#8211; Kh\u1ed5 gi\u1ea5y h\u1ed7 tr\u1ee3: A4; A5; A6; B5 (JIS).<br \/>\n&#8211; \u0110\u1ed9 ph\u00e2n gi\u1ea3i: 600 x 600 dpi.<br \/>\n&#8211; B\u1ed9 nh\u1edb: 64MB.<br \/>\n&#8211; B\u1ed9 x\u1eed l\u00fd CPU: 500 MHz.<br \/>\n&#8211; In hai m\u1eb7t t\u1ef1 \u0111\u1ed9ng (Duplex): 18 trang \/ phut<br \/>\n&#8211; In qua m\u1ea1ng c\u00f3 d\u00e2y v\u00e0 kh\u00f4ng d\u00e2y WiFi.<br \/>\n&#8211; In t\u1eeb \u0111i\u1ec7n tho\u1ea1i di \u0111\u1ed9ng v\u1edbi c\u00e1c \u1ee9ng d\u1ee5ng\u00a0Apple AirPrint\u2122; HP Smart App; Mopria\u2122 Certified.<br \/>\n&#8211; Khay gi\u1ea5y t\u1ef1 \u0111\u1ed9ng: 150 t\u1edd.<br \/>\n&#8211; Khay gi\u1ea5y ra: 100 t\u1edd.<br \/>\n&#8211; \u0110\u1ed9 d\u00e0y gi\u1ea5y in: 60-163gms.<br \/>\n&#8211; Lo\u1ea1i gi\u1ea5y h\u1ed7 tr\u1ee3: Gi\u1ea5y tr\u01a1n, bao th\u01b0, b\u01b0u thi\u1ebfp.<br \/>\n&#8211; C\u1ed5ng k\u1ebft n\u1ed1i:\u00a01 Hi-Speed USB 2.0; 1 Fast Ethernet 10\/100Base-TX; 1 Dual-band (2.4\/5.0GHz) Wireless 802.11b\/g\/n with Bluetooth\u00ae Low Energy,\u00a0Wi-Fi\u00ae Direct printing.<br \/>\nTr\u1ecdng l\u01b0\u1ee3ng: 5.6 kg.<\/p>\n","protected":false},"excerpt":{"rendered":"<p>&#8211; T\u1ed1c \u0111\u1ed9: 29 trang \/ph\u00fat kh\u1ed5 A4. &#8211; Kh\u1ed5 gi\u1ea5y h\u1ed7 tr\u1ee3: A4; A5; A6; B5 (JIS). &#8211; \u0110\u1ed9<\/p>\n","protected":false},"featured_media":29286,"comment_status":"open","ping_status":"closed","template":"","meta":[],"product_brand":[110],"product_cat":[91],"product_tag":[],"class_list":{"0":"post-29221","1":"product","2":"type-product","3":"status-publish","4":"has-post-thumbnail","6":"product_brand-may-in-trang-den","7":"product_cat-thiet-bi-cntt","9":"first","10":"instock","11":"shipping-taxable","12":"product-type-simple"},"_links":{"self":[{"href":"https:\/\/108giahoa.com\/index.php?rest_route=\/wp\/v2\/product\/29221","targetHints":{"allow":["GET"]}}],"collection":[{"href":"https:\/\/108giahoa.com\/index.php?rest_route=\/wp\/v2\/product"}],"about":[{"href":"https:\/\/108giahoa.com\/index.php?rest_route=\/wp\/v2\/types\/product"}],"replies":[{"embeddable":true,"href":"https:\/\/108giahoa.com\/index.php?rest_route=%2Fwp%2Fv2%2Fcomments&post=29221"}],"version-history":[{"count":3,"href":"https:\/\/108giahoa.com\/index.php?rest_route=\/wp\/v2\/product\/29221\/revisions"}],"predecessor-version":[{"id":29287,"href":"https:\/\/108giahoa.com\/index.php?rest_route=\/wp\/v2\/product\/29221\/revisions\/29287"}],"wp:featuredmedia":[{"embeddable":true,"href":"https:\/\/108giahoa.com\/index.php?rest_route=\/wp\/v2\/media\/29286"}],"wp:attachment":[{"href":"https:\/\/108giahoa.com\/index.php?rest_route=%2Fwp%2Fv2%2Fmedia&parent=29221"}],"wp:term":[{"taxonomy":"product_brand","embeddable":true,"href":"https:\/\/108giahoa.com\/index.php?rest_route=%2Fwp%2Fv2%2Fproduct_brand&post=29221"},{"taxonomy":"product_cat","embeddable":true,"href":"https:\/\/108giahoa.com\/index.php?rest_route=%2Fwp%2Fv2%2Fproduct_cat&post=29221"},{"taxonomy":"product_tag","embeddable":true,"href":"https:\/\/108giahoa.com\/index.php?rest_route=%2Fwp%2Fv2%2Fproduct_tag&post=29221"}],"curies":[{"name":"wp","href":"https:\/\/api.w.org\/{rel}","templated":true}]}}