{"id":29303,"date":"2026-02-22T02:27:32","date_gmt":"2026-02-22T02:27:32","guid":{"rendered":"https:\/\/108giahoa.com\/?post_type=product&#038;p=29303"},"modified":"2026-02-23T01:31:02","modified_gmt":"2026-02-23T01:31:02","slug":"may-in-phun-mau-epson-l1210","status":"publish","type":"product","link":"https:\/\/108giahoa.com\/?product=may-in-phun-mau-epson-l1210","title":{"rendered":"M\u00c1Y IN PHUN M\u00c0U EPSON L1210"},"content":{"rendered":"<p>&#8211; Lo\u1ea1i m\u00e1y in : M\u00e1y in m\u00e0u kh\u1ed5 A4<br \/>\n&#8211; Kh\u1ed5 gi\u1ea5y t\u1ed1i \u0111a : A4\/A5<br \/>\n&#8211; \u0110\u1ed9 ph\u00e2n gi\u1ea3i : 5760 x 1440 dpi<br \/>\n&#8211; K\u1ebft n\u1ed1i: USB 2.0<br \/>\n&#8211; T\u1ed1c \u0111\u1ed9 in : 33 trang\/ph\u00fat (\u0110en tr\u1eafng), 15 trang\/ph\u00fat (M\u00e0u) (In nh\u00e1p)<br \/>\n&#8211; Th\u1eddi gian in trang \u0111\u1ea7u ti\u00ean: 10 gi\u00e2y (\u0110en tr\u1eafng), 16 gi\u00e2y (M\u00e0u) v\u00e0 69 gi\u00e2y (\u1ea3nh c\u00f3 vi\u1ec1n), 90 gi\u00e2y (\u1ea3nh kh\u00f4ng vi\u1ec1n)<\/p>\n","protected":false},"excerpt":{"rendered":"<p>&#8211; Lo\u1ea1i m\u00e1y in : M\u00e1y in m\u00e0u kh\u1ed5 A4 &#8211; Kh\u1ed5 gi\u1ea5y t\u1ed1i \u0111a : A4\/A5 &#8211; \u0110\u1ed9 ph\u00e2n<\/p>\n","protected":false},"featured_media":29304,"comment_status":"open","ping_status":"closed","template":"","meta":[],"product_brand":[115],"product_cat":[91],"product_tag":[],"class_list":{"0":"post-29303","1":"product","2":"type-product","3":"status-publish","4":"has-post-thumbnail","6":"product_brand-may-in-phun-mau","7":"product_cat-thiet-bi-cntt","9":"first","10":"instock","11":"shipping-taxable","12":"product-type-simple"},"_links":{"self":[{"href":"https:\/\/108giahoa.com\/index.php?rest_route=\/wp\/v2\/product\/29303","targetHints":{"allow":["GET"]}}],"collection":[{"href":"https:\/\/108giahoa.com\/index.php?rest_route=\/wp\/v2\/product"}],"about":[{"href":"https:\/\/108giahoa.com\/index.php?rest_route=\/wp\/v2\/types\/product"}],"replies":[{"embeddable":true,"href":"https:\/\/108giahoa.com\/index.php?rest_route=%2Fwp%2Fv2%2Fcomments&post=29303"}],"version-history":[{"count":1,"href":"https:\/\/108giahoa.com\/index.php?rest_route=\/wp\/v2\/product\/29303\/revisions"}],"predecessor-version":[{"id":29305,"href":"https:\/\/108giahoa.com\/index.php?rest_route=\/wp\/v2\/product\/29303\/revisions\/29305"}],"wp:featuredmedia":[{"embeddable":true,"href":"https:\/\/108giahoa.com\/index.php?rest_route=\/wp\/v2\/media\/29304"}],"wp:attachment":[{"href":"https:\/\/108giahoa.com\/index.php?rest_route=%2Fwp%2Fv2%2Fmedia&parent=29303"}],"wp:term":[{"taxonomy":"product_brand","embeddable":true,"href":"https:\/\/108giahoa.com\/index.php?rest_route=%2Fwp%2Fv2%2Fproduct_brand&post=29303"},{"taxonomy":"product_cat","embeddable":true,"href":"https:\/\/108giahoa.com\/index.php?rest_route=%2Fwp%2Fv2%2Fproduct_cat&post=29303"},{"taxonomy":"product_tag","embeddable":true,"href":"https:\/\/108giahoa.com\/index.php?rest_route=%2Fwp%2Fv2%2Fproduct_tag&post=29303"}],"curies":[{"name":"wp","href":"https:\/\/api.w.org\/{rel}","templated":true}]}}