{"id":29403,"date":"2026-02-22T07:41:44","date_gmt":"2026-02-22T07:41:44","guid":{"rendered":"https:\/\/108giahoa.com\/?post_type=product&#038;p=29403"},"modified":"2026-02-23T01:21:53","modified_gmt":"2026-02-23T01:21:53","slug":"loa-tro-giang-hylex-as35","status":"publish","type":"product","link":"https:\/\/108giahoa.com\/?product=loa-tro-giang-hylex-as35","title":{"rendered":"M\u00e1y tr\u1ee3 gi\u1ea3ng kh\u00f4ng d\u00e2y Hylex AS35"},"content":{"rendered":"<p><strong>Model: AS35<\/strong><br \/>\n<strong>Th\u01b0\u01a1ng hi\u1ec7u: Hylex &#8211; Vi\u1ec7t Nam<\/strong><br \/>\n<strong>Xu\u1ea5t x\u1ee9: Vi\u1ec7t Nam<\/strong><br \/>\n<strong>B\u1ea3o h\u00e0nh: 12 th\u00e1ng (pin l\u01b0u \u0111i\u1ec7n b\u1ea3o h\u00e0nh 03 th\u00e1ng)<\/strong><br \/>\n&#8211; M\u00e1y tr\u1ee3 gi\u1ea3ng kh\u00f4ng d\u00e2y.<br \/>\n&#8211; Ph\u00e1t c\u00e1c h\u1ecdc li\u1ec7u \u00e2m thanh v\u00e0 tr\u1ee3 \u00e2m cho gi\u00e1o vi\u00ean.<br \/>\n&#8211; C\u00f3 ch\u1ee9c n\u0103ng ghi \u00e2m v\u00e0 x\u00f3a ghi \u00e2m.<br \/>\n&#8211; C\u00f3 th\u1ec3 \u0111i\u1ec1u ch\u1ec9nh \u00e2m vang.<br \/>\n&#8211; C\u00f3 m\u00f3c g\u00e0i v\u00e0o quai \u0111eo.<br \/>\n&#8211; Mic c\u00f3 th\u1ec3 t\u00f9y ch\u1ec9nh \u00e2m l\u01b0\u1ee3ng.<br \/>\n&#8211; T\u00edch h\u1ee3p \u0111\u01b0\u1ee3c nhi\u1ec1u t\u00ednh n\u0103ng \u00e2m ly, loa, micro, ghi \u00e2m, FM, th\u1ebb nh\u1edb, USB, Bluetooth. C\u1ed5ng Line in 3.5mm d\u00f9ng \u0111\u1ec3 c\u1eafm c\u00e1c thi\u1ebft b\u1ecb ph\u00e1t \u00e2m thanh kh\u00e1c v\u00e0o nh\u01b0 MP3, MP4, CD, Laptop, PC, \u0111i\u1ec7n tho\u1ea1i&#8230;;<br \/>\n&#8211; C\u00f4ng su\u1ea5t \u0111\u1ea7u ra: 35W<br \/>\n&#8211; C\u01b0\u1eddng \u0111\u1ed9 \u00e2m thanh\/\u0111\u1ed9 l\u1edbn \u00e2m thanh \u2013 volume loa ph\u00e1t: 110dB (decibel) \u1edf kho\u1ea3ng c\u00e1ch 25m \u0111\u1ebfn loa<br \/>\n&#8211; \u0110\u00e1p \u1ee9ng t\u1ea7n s\u1ed1: 180Hz ~ 15000Hz (V\u00f9ng \u00e2m thanh nghe \u0111\u01b0\u1ee3c c\u1ee7a tai ng\u01b0\u1eddi: trong d\u1ea3i t\u1eeb 16Hz &#8211; 20000Hz)<br \/>\n&#8211; Ph\u00f9 h\u1ee3p kh\u00f4ng gian: Ph\u00f2ng 60~90 ng\u01b0\u1eddi<br \/>\n&#8211; C\u00f4ng ngh\u1ec7 micro kh\u00f4ng d\u00e2y: D\u1ea3i t\u1ea7n si\u00eau cao UHF\/ kho\u1ea3ng c\u00e1ch kh\u00f4ng d\u00e2y 60~90m<br \/>\n&#8211; C\u00f4ng ngh\u1ec7 Bluetooth (k\u1ebft n\u1ed1i \u0111i\u1ec7n tho\u1ea1i, laptop v\u1edbi loa): Version 5.0, b\u0103ng t\u1ea7n ng\u1eafn frequency 2.4GHz \u2013 2.48GHz\/ kho\u1ea3ng c\u00e1ch kh\u00f4ng d\u00e2y 15~20m<br \/>\n&#8211; C\u1ed5ng k\u1ebft n\u1ed1i: TF, USB, Line in, Line out<br \/>\n&#8211; \u0110\u1ed9 m\u00e9o ti\u1ebfng &lt; 0.1%<br \/>\n&#8211; Pin m\u00e1y ch\u1ee7: 1200mAh s\u1ea1c l\u1ea1i nhi\u1ec1u l\u1ea7n<br \/>\n&#8211; Th\u1eddi l\u01b0\u1ee3ng pin m\u00e1y ch\u1ee7: 8 &#8211; 12 gi\u1edd<br \/>\n&#8211; Pin micro kh\u00f4ng d\u00e2y: 450mAh s\u1ea1c l\u1ea1i nhi\u1ec1u l\u1ea7n<br \/>\n&#8211; Th\u1eddi l\u01b0\u1ee3ng pin micro: ~10 gi\u1edd (5 gi\u1edd x2 pin)<br \/>\n&#8211; Th\u1eddi gian s\u1ea1c pin: 3 &#8211; 5 gi\u1edd<br \/>\n&#8211; \u0110i\u1ec7n \u00e1p s\u1ea1c \u0111\u1ea7u v\u00e0o: DC 5V\/2A<br \/>\n&#8211; Tr\u1edf kh\u00e1ng \u0111\u1ea7u ra t\u1ed1i \u0111a: 3\u03a9<br \/>\n&#8211; Ch\u1ea5t li\u1ec7u th\u00e2n v\u1ecf: ABS t\u1ed5ng h\u1ee3p, s\u01a1n ph\u1ee7 \u0111en m\u1edd b\u1ec1n, cao c\u1ea5p<br \/>\n&#8211; Thi\u1ebft k\u1ebf nh\u1ecf g\u1ecdn v\u1edbi k\u00edch th\u01b0\u1edbc ~ 9.5 x 12 x 4.5cm, c\u00f3 thanh c\u00e0i c\u1ed1 \u0111\u1ecbnh v\u00e0o ng\u01b0\u1eddi s\u1eed d\u1ee5ng<br \/>\n<strong>&#8211; Ph\u1ee5 ki\u1ec7n: D\u00e2y USB s\u1ea1c ngu\u1ed3n x2, Micro g\u00e0i \u00e1o (Jack3.5), Micro g\u00e0i \u0111\u1ea7u kh\u00f4ng d\u00e2y UHF, D\u00e2y \u0111eo, HDSD<\/strong><\/p>\n","protected":false},"excerpt":{"rendered":"<p>Model: AS35 Th\u01b0\u01a1ng hi\u1ec7u: Hylex &#8211; Vi\u1ec7t Nam Xu\u1ea5t x\u1ee9: Vi\u1ec7t Nam B\u1ea3o h\u00e0nh: 12 th\u00e1ng (pin l\u01b0u \u0111i\u1ec7n b\u1ea3o<\/p>\n","protected":false},"featured_media":29404,"comment_status":"open","ping_status":"closed","template":"","meta":[],"product_brand":[114],"product_cat":[90],"product_tag":[],"class_list":{"0":"post-29403","1":"product","2":"type-product","3":"status-publish","4":"has-post-thumbnail","6":"product_brand-may-tro-giang","7":"product_cat-thiet-bi-am-thanh","9":"first","10":"instock","11":"shipping-taxable","12":"product-type-simple"},"_links":{"self":[{"href":"https:\/\/108giahoa.com\/index.php?rest_route=\/wp\/v2\/product\/29403","targetHints":{"allow":["GET"]}}],"collection":[{"href":"https:\/\/108giahoa.com\/index.php?rest_route=\/wp\/v2\/product"}],"about":[{"href":"https:\/\/108giahoa.com\/index.php?rest_route=\/wp\/v2\/types\/product"}],"replies":[{"embeddable":true,"href":"https:\/\/108giahoa.com\/index.php?rest_route=%2Fwp%2Fv2%2Fcomments&post=29403"}],"version-history":[{"count":2,"href":"https:\/\/108giahoa.com\/index.php?rest_route=\/wp\/v2\/product\/29403\/revisions"}],"predecessor-version":[{"id":29406,"href":"https:\/\/108giahoa.com\/index.php?rest_route=\/wp\/v2\/product\/29403\/revisions\/29406"}],"wp:featuredmedia":[{"embeddable":true,"href":"https:\/\/108giahoa.com\/index.php?rest_route=\/wp\/v2\/media\/29404"}],"wp:attachment":[{"href":"https:\/\/108giahoa.com\/index.php?rest_route=%2Fwp%2Fv2%2Fmedia&parent=29403"}],"wp:term":[{"taxonomy":"product_brand","embeddable":true,"href":"https:\/\/108giahoa.com\/index.php?rest_route=%2Fwp%2Fv2%2Fproduct_brand&post=29403"},{"taxonomy":"product_cat","embeddable":true,"href":"https:\/\/108giahoa.com\/index.php?rest_route=%2Fwp%2Fv2%2Fproduct_cat&post=29403"},{"taxonomy":"product_tag","embeddable":true,"href":"https:\/\/108giahoa.com\/index.php?rest_route=%2Fwp%2Fv2%2Fproduct_tag&post=29403"}],"curies":[{"name":"wp","href":"https:\/\/api.w.org\/{rel}","templated":true}]}}