{"id":29407,"date":"2026-02-22T07:47:59","date_gmt":"2026-02-22T07:47:59","guid":{"rendered":"https:\/\/108giahoa.com\/?post_type=product&#038;p=29407"},"modified":"2026-02-23T01:21:33","modified_gmt":"2026-02-23T01:21:33","slug":"may-tro-giang-khong-day-takstar-e300w","status":"publish","type":"product","link":"https:\/\/108giahoa.com\/?product=may-tro-giang-khong-day-takstar-e300w","title":{"rendered":"M\u00e1y tr\u1ee3 gi\u1ea3ng kh\u00f4ng d\u00e2y Takstar E300W"},"content":{"rendered":"<p>&#8211; C\u00f4ng su\u1ea5t t\u1ed1i \u0111a: 10W<br \/>\n&#8211; Tr\u1edf kh\u00e1ng: 4 Ohm<br \/>\n&#8211; T\u1ea7n s\u1ed1 \u0111\u00e1p \u1ee9ng: 80Hz ~ 12KHz<br \/>\n&#8211; S\u00f3ng k\u1ebft n\u1ed1i: UHF (630-890MHz)<br \/>\n&#8211; Ph\u1ea1m vi k\u1ebft n\u1ed1i: 40m<br \/>\n&#8211; H\u1ed7 tr\u1ee3 ph\u00e1t: Bluetooth 5.0, SD card max 64G<br \/>\n&#8211; H\u1ed7 tr\u1ee3 media: Ghi \u00e2m, ph\u00e1t nh\u1ea1c MP3<br \/>\n&#8211; Pin loa: \u00a0Lion 3.7V\/2000mAh<br \/>\n&#8211; Ngu\u1ed3n s\u1ea1c loa: USB-5V\/600mA<br \/>\n&#8211; Th\u1eddi gian s\u1ea1c loa: 4-6 gi\u1edd<br \/>\n&#8211; Th\u1eddi gian s\u1eed d\u1ee5ng loa: 10 gi\u1edd<br \/>\n&#8211; Pin micro: \u00a0Lion 3.7V\/400mAh<br \/>\n&#8211; Ngu\u1ed3n s\u1ea1c micro: USB-5V\/100mA<br \/>\n&#8211; Th\u1eddi gian s\u1ea1c micro: ~ 4 gi\u1edd<br \/>\n&#8211; Th\u1eddi gian d\u00f9ng micro: 4-5 gi\u1edd<br \/>\n&#8211; Tr\u1ecdng l\u01b0\u1ee3ng loa: 200g<br \/>\n&#8211; Tr\u1ecdng l\u01b0\u1ee3ng micro: 39g<br \/>\n&#8211; K\u00edch th\u01b0\u1edbc: 113 x 84 x 44mm<br \/>\n&#8211; B\u1ea3o h\u00e0nh: 12 th\u00e1ng (pin l\u01b0u \u0111i\u1ec7n b\u1ea3o h\u00e0nh 03 th\u00e1ng)<\/p>\n","protected":false},"excerpt":{"rendered":"<p>&#8211; C\u00f4ng su\u1ea5t t\u1ed1i \u0111a: 10W &#8211; Tr\u1edf kh\u00e1ng: 4 Ohm &#8211; T\u1ea7n s\u1ed1 \u0111\u00e1p \u1ee9ng: 80Hz ~ 12KHz &#8211;<\/p>\n","protected":false},"featured_media":29408,"comment_status":"open","ping_status":"closed","template":"","meta":[],"product_brand":[114],"product_cat":[90],"product_tag":[],"class_list":{"0":"post-29407","1":"product","2":"type-product","3":"status-publish","4":"has-post-thumbnail","6":"product_brand-may-tro-giang","7":"product_cat-thiet-bi-am-thanh","9":"first","10":"instock","11":"shipping-taxable","12":"product-type-simple"},"_links":{"self":[{"href":"https:\/\/108giahoa.com\/index.php?rest_route=\/wp\/v2\/product\/29407","targetHints":{"allow":["GET"]}}],"collection":[{"href":"https:\/\/108giahoa.com\/index.php?rest_route=\/wp\/v2\/product"}],"about":[{"href":"https:\/\/108giahoa.com\/index.php?rest_route=\/wp\/v2\/types\/product"}],"replies":[{"embeddable":true,"href":"https:\/\/108giahoa.com\/index.php?rest_route=%2Fwp%2Fv2%2Fcomments&post=29407"}],"version-history":[{"count":1,"href":"https:\/\/108giahoa.com\/index.php?rest_route=\/wp\/v2\/product\/29407\/revisions"}],"predecessor-version":[{"id":29409,"href":"https:\/\/108giahoa.com\/index.php?rest_route=\/wp\/v2\/product\/29407\/revisions\/29409"}],"wp:featuredmedia":[{"embeddable":true,"href":"https:\/\/108giahoa.com\/index.php?rest_route=\/wp\/v2\/media\/29408"}],"wp:attachment":[{"href":"https:\/\/108giahoa.com\/index.php?rest_route=%2Fwp%2Fv2%2Fmedia&parent=29407"}],"wp:term":[{"taxonomy":"product_brand","embeddable":true,"href":"https:\/\/108giahoa.com\/index.php?rest_route=%2Fwp%2Fv2%2Fproduct_brand&post=29407"},{"taxonomy":"product_cat","embeddable":true,"href":"https:\/\/108giahoa.com\/index.php?rest_route=%2Fwp%2Fv2%2Fproduct_cat&post=29407"},{"taxonomy":"product_tag","embeddable":true,"href":"https:\/\/108giahoa.com\/index.php?rest_route=%2Fwp%2Fv2%2Fproduct_tag&post=29407"}],"curies":[{"name":"wp","href":"https:\/\/api.w.org\/{rel}","templated":true}]}}