{"id":29410,"date":"2026-02-22T07:49:49","date_gmt":"2026-02-22T07:49:49","guid":{"rendered":"https:\/\/108giahoa.com\/?post_type=product&#038;p=29410"},"modified":"2026-02-23T01:21:16","modified_gmt":"2026-02-23T01:21:16","slug":"may-tro-giang-khong-day-takstar-e261w-micro-cai-dau","status":"publish","type":"product","link":"https:\/\/108giahoa.com\/?product=may-tro-giang-khong-day-takstar-e261w-micro-cai-dau","title":{"rendered":"M\u00e1y tr\u1ee3 gi\u1ea3ng kh\u00f4ng d\u00e2y Takstar E261W (Micro c\u00e0i \u0111\u1ea7u )"},"content":{"rendered":"<p>&#8211; Th\u00f4ng s\u1ed1 m\u00e1y ch\u1ee7<br \/>\n+ \u0110\u00e1p \u1ee9ng t\u1ea7n s\u1ed1: 80Hz-18KHz<br \/>\n+ C\u00f4ng su\u1ea5t \u0111\u1ecbnh m\u1ee9c: 10W<br \/>\n+ C\u00f4ng su\u1ea5t \u0111\u1ec9nh: 25W<br \/>\n+ Tr\u1edf kh\u00e1ng loa: 4\u03a9<br \/>\n+ D\u1ea3i t\u1ea7n s\u1ed1: 630-698MHz (ph\u00e2n \u0111o\u1ea1n)<br \/>\n+ S\u1ed1 k\u00eanh: k\u00eanh \u0111\u01a1n<br \/>\n+ S\u1ed1 k\u00eanh: 50<br \/>\n+ Ki\u1ec3m so\u00e1t t\u1eaft ti\u1ebfng: pilot \/ ID k\u1ef9 s\u1ed1<br \/>\n+ Lo\u1ea1i pin: Pin Lithium-ion<br \/>\n+ \u0110\u1eb7c \u0111i\u1ec3m k\u1ef9 thu\u1eadt pin: 7.4V 2000mAh<br \/>\n+ \u0110\u1eb7c \u0111i\u1ec3m k\u1ef9 thu\u1eadt s\u1ea1c: DC 5V 1A<br \/>\n+ Th\u1eddi gian s\u1ea1c: kho\u1ea3ng 4 gi\u1edd<br \/>\n+ Th\u1eddi gian s\u1eed d\u1ee5ng: kho\u1ea3ng 12 gi\u1edd \uff20 60% \u00e2m l\u01b0\u1ee3ng<br \/>\n+ Th\u00f4ng s\u1ed1 s\u1ea3n ph\u1ea9m: 110x110x56,6mm<br \/>\n+ Kh\u1ed1i l\u01b0\u1ee3ng t\u1ecbnh: kho\u1ea3ng 400g<br \/>\n&#8211; Th\u00f4ng s\u1ed1 micro c\u00e0i \u0111\u1ea7u<br \/>\n+ Pickup: Electret c\u1ef1c sau<br \/>\n+ \u0110\u1ecbnh h\u01b0\u1edbng: h\u01b0\u1edbng \u0111\u01a1n<br \/>\n+ \u0110\u00e1p \u1ee9ng t\u1ea7n s\u1ed1: 60Hz-16KHz<br \/>\n+ \u0110\u1ed9 nh\u1ea1y: -51 \u0111\u1ebfn -54dB(0db = 1V \/ Pa \/ m \u1edf 1kHz)<br \/>\n+ Lo\u1ea1i pin: Pin Lithium-ion<br \/>\n+ Dung l\u01b0\u1ee3ng pin: 3.7V 400mAh<br \/>\n+ \u0110\u1eb7c \u0111i\u1ec3m k\u1ef9 thu\u1eadt s\u1ea1c: DC 5V 100mA<br \/>\n+ Th\u1eddi gian s\u1ea1c: kho\u1ea3ng 4 gi\u1edd<br \/>\n+ Th\u1eddi gian s\u1eed d\u1ee5ng: kho\u1ea3ng 5 gi\u1edd<br \/>\n+ Kh\u1ed1i l\u01b0\u1ee3ng t\u1ecbnh: kho\u1ea3ng 39g<br \/>\n+ B\u1ea3o h\u00e0nh: 12 th\u00e1ng (pin l\u01b0u \u0111i\u1ec7n b\u1ea3o h\u00e0nh 03 th\u00e1ng)<\/p>\n","protected":false},"excerpt":{"rendered":"<p>&#8211; Th\u00f4ng s\u1ed1 m\u00e1y ch\u1ee7 + \u0110\u00e1p \u1ee9ng t\u1ea7n s\u1ed1: 80Hz-18KHz + C\u00f4ng su\u1ea5t \u0111\u1ecbnh m\u1ee9c: 10W + C\u00f4ng su\u1ea5t<\/p>\n","protected":false},"featured_media":29411,"comment_status":"open","ping_status":"closed","template":"","meta":[],"product_brand":[114],"product_cat":[90],"product_tag":[],"class_list":{"0":"post-29410","1":"product","2":"type-product","3":"status-publish","4":"has-post-thumbnail","6":"product_brand-may-tro-giang","7":"product_cat-thiet-bi-am-thanh","9":"first","10":"instock","11":"shipping-taxable","12":"product-type-simple"},"_links":{"self":[{"href":"https:\/\/108giahoa.com\/index.php?rest_route=\/wp\/v2\/product\/29410","targetHints":{"allow":["GET"]}}],"collection":[{"href":"https:\/\/108giahoa.com\/index.php?rest_route=\/wp\/v2\/product"}],"about":[{"href":"https:\/\/108giahoa.com\/index.php?rest_route=\/wp\/v2\/types\/product"}],"replies":[{"embeddable":true,"href":"https:\/\/108giahoa.com\/index.php?rest_route=%2Fwp%2Fv2%2Fcomments&post=29410"}],"version-history":[{"count":1,"href":"https:\/\/108giahoa.com\/index.php?rest_route=\/wp\/v2\/product\/29410\/revisions"}],"predecessor-version":[{"id":29412,"href":"https:\/\/108giahoa.com\/index.php?rest_route=\/wp\/v2\/product\/29410\/revisions\/29412"}],"wp:featuredmedia":[{"embeddable":true,"href":"https:\/\/108giahoa.com\/index.php?rest_route=\/wp\/v2\/media\/29411"}],"wp:attachment":[{"href":"https:\/\/108giahoa.com\/index.php?rest_route=%2Fwp%2Fv2%2Fmedia&parent=29410"}],"wp:term":[{"taxonomy":"product_brand","embeddable":true,"href":"https:\/\/108giahoa.com\/index.php?rest_route=%2Fwp%2Fv2%2Fproduct_brand&post=29410"},{"taxonomy":"product_cat","embeddable":true,"href":"https:\/\/108giahoa.com\/index.php?rest_route=%2Fwp%2Fv2%2Fproduct_cat&post=29410"},{"taxonomy":"product_tag","embeddable":true,"href":"https:\/\/108giahoa.com\/index.php?rest_route=%2Fwp%2Fv2%2Fproduct_tag&post=29410"}],"curies":[{"name":"wp","href":"https:\/\/api.w.org\/{rel}","templated":true}]}}