{"id":29413,"date":"2026-02-22T07:51:55","date_gmt":"2026-02-22T07:51:55","guid":{"rendered":"https:\/\/108giahoa.com\/?post_type=product&#038;p=29413"},"modified":"2026-02-23T01:13:59","modified_gmt":"2026-02-23T01:13:59","slug":"may-tro-giang-khong-day-takstar-e8w-mic-cai-dau","status":"publish","type":"product","link":"https:\/\/108giahoa.com\/?product=may-tro-giang-khong-day-takstar-e8w-mic-cai-dau","title":{"rendered":"M\u00e1y tr\u1ee3 gi\u1ea3ng kh\u00f4ng d\u00e2y Takstar E8W (Mic c\u00e0i \u0111\u1ea7u)"},"content":{"rendered":"<p>&#8211; B\u1ed9 khu\u1ebfch \u0111\u1ea1i gi\u1ecdng n\u00f3i:<br \/>\n+ \u0110\u00e1p \u1ee9ng t\u1ea7n s\u1ed1: 80Hz-12kHz<br \/>\n+ C\u00f4ng su\u1ea5t \u0111\u1ec9nh: 18W<br \/>\n+ Tr\u1edf kh\u00e1ng loa: 4\u03a9<br \/>\n+ Kho\u1ea3ng c\u00e1ch s\u1eed d\u1ee5ng UHF: 40m \u1edf khu v\u1ef1c m\u1edf<br \/>\n+ Lo\u1ea1i pin: Li-ion<br \/>\n+ Dung l\u01b0\u1ee3ng pin: 3.7V\/4000mAh<br \/>\n+ T\u1ea7n s\u1ed1 UHF: 630MHz-698MHz (ph\u00e2n \u0111o\u1ea1n)<br \/>\n+ Ph\u01b0\u01a1ng ti\u1ec7n \u0111\u01b0\u1ee3c h\u1ed7 tr\u1ee3: th\u1ebb TF, \u1ed5 USB, l\u00ean t\u1edbi 64G<br \/>\n+ \u0110\u1ecbnh d\u1ea1ng ph\u01b0\u01a1ng ti\u1ec7n: MP3, WAV<br \/>\n+ Th\u00f4ng s\u1ed1 s\u1ea1c: USB 5V\/1000mA<br \/>\n+ Th\u1eddi gian s\u1ea1c: kho\u1ea3ng 4 gi\u1edd<br \/>\n+ Th\u1eddi gian ch\u01a1i: kho\u1ea3ng 12 gi\u1edd<br \/>\n+ K\u00edch th\u01b0\u1edbc: 125\u00d7105\u00d755mm<br \/>\n+ Tr\u1ecdng l\u01b0\u1ee3ng: kho\u1ea3ng 340g B\u1ed9 ph\u00e1t (Tai nghe Mic)<br \/>\n+ B\u1ea3o h\u00e0nh: 12 th\u00e1ng (pin l\u01b0u \u0111i\u1ec7n b\u1ea3o h\u00e0nh 03 th\u00e1ng)<\/p>\n","protected":false},"excerpt":{"rendered":"<p>&#8211; B\u1ed9 khu\u1ebfch \u0111\u1ea1i gi\u1ecdng n\u00f3i: + \u0110\u00e1p \u1ee9ng t\u1ea7n s\u1ed1: 80Hz-12kHz + C\u00f4ng su\u1ea5t \u0111\u1ec9nh: 18W + Tr\u1edf kh\u00e1ng<\/p>\n","protected":false},"featured_media":29414,"comment_status":"open","ping_status":"closed","template":"","meta":[],"product_brand":[114],"product_cat":[90],"product_tag":[],"class_list":{"0":"post-29413","1":"product","2":"type-product","3":"status-publish","4":"has-post-thumbnail","6":"product_brand-may-tro-giang","7":"product_cat-thiet-bi-am-thanh","9":"first","10":"instock","11":"shipping-taxable","12":"product-type-simple"},"_links":{"self":[{"href":"https:\/\/108giahoa.com\/index.php?rest_route=\/wp\/v2\/product\/29413","targetHints":{"allow":["GET"]}}],"collection":[{"href":"https:\/\/108giahoa.com\/index.php?rest_route=\/wp\/v2\/product"}],"about":[{"href":"https:\/\/108giahoa.com\/index.php?rest_route=\/wp\/v2\/types\/product"}],"replies":[{"embeddable":true,"href":"https:\/\/108giahoa.com\/index.php?rest_route=%2Fwp%2Fv2%2Fcomments&post=29413"}],"version-history":[{"count":1,"href":"https:\/\/108giahoa.com\/index.php?rest_route=\/wp\/v2\/product\/29413\/revisions"}],"predecessor-version":[{"id":29415,"href":"https:\/\/108giahoa.com\/index.php?rest_route=\/wp\/v2\/product\/29413\/revisions\/29415"}],"wp:featuredmedia":[{"embeddable":true,"href":"https:\/\/108giahoa.com\/index.php?rest_route=\/wp\/v2\/media\/29414"}],"wp:attachment":[{"href":"https:\/\/108giahoa.com\/index.php?rest_route=%2Fwp%2Fv2%2Fmedia&parent=29413"}],"wp:term":[{"taxonomy":"product_brand","embeddable":true,"href":"https:\/\/108giahoa.com\/index.php?rest_route=%2Fwp%2Fv2%2Fproduct_brand&post=29413"},{"taxonomy":"product_cat","embeddable":true,"href":"https:\/\/108giahoa.com\/index.php?rest_route=%2Fwp%2Fv2%2Fproduct_cat&post=29413"},{"taxonomy":"product_tag","embeddable":true,"href":"https:\/\/108giahoa.com\/index.php?rest_route=%2Fwp%2Fv2%2Fproduct_tag&post=29413"}],"curies":[{"name":"wp","href":"https:\/\/api.w.org\/{rel}","templated":true}]}}