{"id":29440,"date":"2026-02-22T08:13:51","date_gmt":"2026-02-22T08:13:51","guid":{"rendered":"https:\/\/108giahoa.com\/?post_type=product&#038;p=29440"},"modified":"2026-02-23T01:53:48","modified_gmt":"2026-02-23T01:53:48","slug":"he-thong-am-thanh-san-khau-nho","status":"publish","type":"product","link":"https:\/\/108giahoa.com\/?product=he-thong-am-thanh-san-khau-nho","title":{"rendered":"H\u1ec6 TH\u1ed0NG \u00c2M THANH S\u00c2N KH\u1ea4U NH\u1ece"},"content":{"rendered":"<ol>\n<li>Loa treo t\u01b0\u1eddng : 04 C\u00e1i<\/li>\n<li>Thi\u1ebft b\u1ecb \u00e2m thanh powered mixer : 01 c\u00e1i<\/li>\n<li>Micro kh\u00f4ng d\u00e2y c\u1ea7m tay : 01 B\u1ed9<br \/>\n<table style=\"height: 68px;\" width=\"595\">\n<tbody>\n<tr>\n<td width=\"423\"><strong>&#8211; S\u1ea3n ph\u1ea9m d\u00f9ng cho l\u1edbp h\u1ecdc, tr\u01b0\u1eddng h\u1ecdc, s\u00e2n kh\u1ea5u, h\u1ed9i tr\u01b0\u1eddng,\u2026<\/strong><\/td>\n<\/tr>\n<\/tbody>\n<\/table>\n<\/li>\n<\/ol>\n","protected":false},"excerpt":{"rendered":"<p>Loa treo t\u01b0\u1eddng : 04 C\u00e1i Thi\u1ebft b\u1ecb \u00e2m thanh powered mixer : 01 c\u00e1i Micro kh\u00f4ng d\u00e2y c\u1ea7m tay<\/p>\n","protected":false},"featured_media":29441,"comment_status":"open","ping_status":"closed","template":"","meta":[],"product_brand":[119],"product_cat":[90],"product_tag":[],"class_list":{"0":"post-29440","1":"product","2":"type-product","3":"status-publish","4":"has-post-thumbnail","6":"product_brand-ht-am-thanh-san-khau","7":"product_cat-thiet-bi-am-thanh","9":"first","10":"instock","11":"shipping-taxable","12":"purchasable","13":"product-type-simple"},"_links":{"self":[{"href":"https:\/\/108giahoa.com\/index.php?rest_route=\/wp\/v2\/product\/29440","targetHints":{"allow":["GET"]}}],"collection":[{"href":"https:\/\/108giahoa.com\/index.php?rest_route=\/wp\/v2\/product"}],"about":[{"href":"https:\/\/108giahoa.com\/index.php?rest_route=\/wp\/v2\/types\/product"}],"replies":[{"embeddable":true,"href":"https:\/\/108giahoa.com\/index.php?rest_route=%2Fwp%2Fv2%2Fcomments&post=29440"}],"version-history":[{"count":4,"href":"https:\/\/108giahoa.com\/index.php?rest_route=\/wp\/v2\/product\/29440\/revisions"}],"predecessor-version":[{"id":29449,"href":"https:\/\/108giahoa.com\/index.php?rest_route=\/wp\/v2\/product\/29440\/revisions\/29449"}],"wp:featuredmedia":[{"embeddable":true,"href":"https:\/\/108giahoa.com\/index.php?rest_route=\/wp\/v2\/media\/29441"}],"wp:attachment":[{"href":"https:\/\/108giahoa.com\/index.php?rest_route=%2Fwp%2Fv2%2Fmedia&parent=29440"}],"wp:term":[{"taxonomy":"product_brand","embeddable":true,"href":"https:\/\/108giahoa.com\/index.php?rest_route=%2Fwp%2Fv2%2Fproduct_brand&post=29440"},{"taxonomy":"product_cat","embeddable":true,"href":"https:\/\/108giahoa.com\/index.php?rest_route=%2Fwp%2Fv2%2Fproduct_cat&post=29440"},{"taxonomy":"product_tag","embeddable":true,"href":"https:\/\/108giahoa.com\/index.php?rest_route=%2Fwp%2Fv2%2Fproduct_tag&post=29440"}],"curies":[{"name":"wp","href":"https:\/\/api.w.org\/{rel}","templated":true}]}}