{"id":29829,"date":"2026-02-25T09:03:41","date_gmt":"2026-02-25T09:03:41","guid":{"rendered":"https:\/\/108giahoa.com\/?post_type=product&#038;p=29829"},"modified":"2026-02-25T09:03:43","modified_gmt":"2026-02-25T09:03:43","slug":"may-lanh-inverter-reetech","status":"publish","type":"product","link":"https:\/\/108giahoa.com\/?product=may-lanh-inverter-reetech","title":{"rendered":"M\u00e1y l\u1ea1nh Inverter Reetech"},"content":{"rendered":"<p><strong>T\u00ednh n\u0103ng n\u1ed5i b\u1eadt:<\/strong><\/p>\n<ul>\n<li>S\u1ea3n ph\u1ea9m Reetech Inverter s\u1eed d\u1ee5ng c\u00f4ng ngh\u1ec7 bi\u1ebfn t\u1ea7n (inverter) ti\u00ean ti\u1ebfn gi\u00fap ki\u1ec3m so\u00e1t ch\u00ednh x\u00e1c nhi\u1ec7t \u0111\u1ed9, gi\u1ea3m ti\u00eau th\u1ee5 \u0111i\u1ec7n n\u0103ng, gi\u1ea3m ti\u1ebfng \u1ed3n, mang l\u1ea1i s\u1ef1 tho\u1ea3i m\u00e1i v\u00e0 gi\u00fap ti\u1ebft ki\u1ec7m t\u1ed1i \u0111a\u00a0chi ph\u00ed.<\/li>\n<li>Ch\u1ebf \u0111\u1ed9 l\u00e0m l\u1ea1nh nhanh,\u00a0ho\u1ea1t \u0111\u1ed9ng t\u1ef1 \u0111\u1ed9ng &amp;\u00a0\u00eam d\u1ecbu<\/li>\n<li>Ch\u1ebf \u0111\u1ed9 ch\u1edd si\u00eau ti\u1ebft ki\u1ec7m<\/li>\n<li>C\u00e1nh \u0111\u1ea3o gi\u00f3 t\u1ef1 \u0111\u1ed9ng<\/li>\n<li>H\u1eb9n gi\u1edd ho\u1ea1t \u0111\u1ed9ng &amp; t\u1ef1 \u0111\u1ed9ng kh\u1edfi \u0111\u1ed9ng l\u1ea1i khi c\u00f3 \u0111i\u1ec7n<\/li>\n<li>Ch\u1ee9c n\u0103ng t\u1ef1 ch\u1ea9n \u0111o\u00e1n h\u1ecfng h\u00f3c v\u00e0 t\u1ef1 \u0111\u1ed9ng b\u1ea3o v\u1ec7<\/li>\n<li>3 t\u1ed1c \u0111\u1ed9 qu\u1ea1t k\u00e8m ch\u1ee9c n\u0103ng t\u1ef1 \u0111\u1ed9ng \u0111i\u1ec1u ch\u1ec9nh<\/li>\n<li>\u0110\u1eb7c bi\u1ec7t v\u1edbi phin l\u1ecdc 6 trong 1 gi\u00fap kh\u00e1ng khu\u1ea9n, kh\u1eed m\u00f9i t\u1ea1o m\u00f4i tr\u01b0\u1eddng trong l\u00e0nh cho kh\u00f4ng gian \u0111i\u1ec1u h\u00f2a\u00a0<em>(Phin l\u1ecdc Quang x\u00fac t\u00e1c &#8211; Photocatalyst, Phin l\u1ecdc Ion b\u1ea1c &#8211; Silver Ion, Phin l\u1ecdc Cacbon ho\u1ea1t t\u00ednh &#8211; Active carbon,\u00a0Phin l\u1ecdc Tr\u00e0 xanh &#8211; Catechin, phin l\u1ecdc Vitamin C, Phin l\u1ecdc Ch\u1ea5t x\u00fac t\u00e1c &#8211; Catalyst)<\/em><\/li>\n<li>C\u00f4ng ngh\u1ec7 Wifi mang l\u1ea1i s\u1ef1 ti\u1ec7n nghi cho ng\u01b0\u1eddi s\u1eed d\u1ee5ng (t\u00f9y ch\u1ecdn)<\/li>\n<\/ul>\n","protected":false},"excerpt":{"rendered":"<p>T\u00ednh n\u0103ng n\u1ed5i b\u1eadt: S\u1ea3n ph\u1ea9m Reetech Inverter s\u1eed d\u1ee5ng c\u00f4ng ngh\u1ec7 bi\u1ebfn t\u1ea7n (inverter) ti\u00ean ti\u1ebfn gi\u00fap ki\u1ec3m so\u00e1t<\/p>\n","protected":false},"featured_media":29830,"comment_status":"open","ping_status":"closed","template":"","meta":[],"product_brand":[148],"product_cat":[143],"product_tag":[],"class_list":{"0":"post-29829","1":"product","2":"type-product","3":"status-publish","4":"has-post-thumbnail","6":"product_brand-reetech","7":"product_cat-may-lanh","9":"first","10":"instock","11":"shipping-taxable","12":"product-type-simple"},"_links":{"self":[{"href":"https:\/\/108giahoa.com\/index.php?rest_route=\/wp\/v2\/product\/29829","targetHints":{"allow":["GET"]}}],"collection":[{"href":"https:\/\/108giahoa.com\/index.php?rest_route=\/wp\/v2\/product"}],"about":[{"href":"https:\/\/108giahoa.com\/index.php?rest_route=\/wp\/v2\/types\/product"}],"replies":[{"embeddable":true,"href":"https:\/\/108giahoa.com\/index.php?rest_route=%2Fwp%2Fv2%2Fcomments&post=29829"}],"version-history":[{"count":1,"href":"https:\/\/108giahoa.com\/index.php?rest_route=\/wp\/v2\/product\/29829\/revisions"}],"predecessor-version":[{"id":29831,"href":"https:\/\/108giahoa.com\/index.php?rest_route=\/wp\/v2\/product\/29829\/revisions\/29831"}],"wp:featuredmedia":[{"embeddable":true,"href":"https:\/\/108giahoa.com\/index.php?rest_route=\/wp\/v2\/media\/29830"}],"wp:attachment":[{"href":"https:\/\/108giahoa.com\/index.php?rest_route=%2Fwp%2Fv2%2Fmedia&parent=29829"}],"wp:term":[{"taxonomy":"product_brand","embeddable":true,"href":"https:\/\/108giahoa.com\/index.php?rest_route=%2Fwp%2Fv2%2Fproduct_brand&post=29829"},{"taxonomy":"product_cat","embeddable":true,"href":"https:\/\/108giahoa.com\/index.php?rest_route=%2Fwp%2Fv2%2Fproduct_cat&post=29829"},{"taxonomy":"product_tag","embeddable":true,"href":"https:\/\/108giahoa.com\/index.php?rest_route=%2Fwp%2Fv2%2Fproduct_tag&post=29829"}],"curies":[{"name":"wp","href":"https:\/\/api.w.org\/{rel}","templated":true}]}}