{"id":30111,"date":"2026-02-28T01:46:54","date_gmt":"2026-02-28T01:46:54","guid":{"rendered":"https:\/\/108giahoa.com\/?post_type=product&#038;p=30111"},"modified":"2026-02-28T01:46:55","modified_gmt":"2026-02-28T01:46:55","slug":"ban-may-tinh-gv-go","status":"publish","type":"product","link":"https:\/\/108giahoa.com\/?product=ban-may-tinh-gv-go","title":{"rendered":"B\u00c0N M\u00c1Y T\u00cdNH GV G\u1ed6"},"content":{"rendered":"","protected":false},"excerpt":{"rendered":"","protected":false},"featured_media":30112,"comment_status":"open","ping_status":"closed","template":"","meta":[],"product_brand":[168],"product_cat":[77],"product_tag":[],"class_list":{"0":"post-30111","1":"product","2":"type-product","3":"status-publish","4":"has-post-thumbnail","6":"product_brand-ban-may-tinh","7":"product_cat-noi-that-van-phong-truong-hoc","9":"first","10":"instock","11":"shipping-taxable","12":"product-type-simple"},"_links":{"self":[{"href":"https:\/\/108giahoa.com\/index.php?rest_route=\/wp\/v2\/product\/30111","targetHints":{"allow":["GET"]}}],"collection":[{"href":"https:\/\/108giahoa.com\/index.php?rest_route=\/wp\/v2\/product"}],"about":[{"href":"https:\/\/108giahoa.com\/index.php?rest_route=\/wp\/v2\/types\/product"}],"replies":[{"embeddable":true,"href":"https:\/\/108giahoa.com\/index.php?rest_route=%2Fwp%2Fv2%2Fcomments&post=30111"}],"version-history":[{"count":1,"href":"https:\/\/108giahoa.com\/index.php?rest_route=\/wp\/v2\/product\/30111\/revisions"}],"predecessor-version":[{"id":30113,"href":"https:\/\/108giahoa.com\/index.php?rest_route=\/wp\/v2\/product\/30111\/revisions\/30113"}],"wp:featuredmedia":[{"embeddable":true,"href":"https:\/\/108giahoa.com\/index.php?rest_route=\/wp\/v2\/media\/30112"}],"wp:attachment":[{"href":"https:\/\/108giahoa.com\/index.php?rest_route=%2Fwp%2Fv2%2Fmedia&parent=30111"}],"wp:term":[{"taxonomy":"product_brand","embeddable":true,"href":"https:\/\/108giahoa.com\/index.php?rest_route=%2Fwp%2Fv2%2Fproduct_brand&post=30111"},{"taxonomy":"product_cat","embeddable":true,"href":"https:\/\/108giahoa.com\/index.php?rest_route=%2Fwp%2Fv2%2Fproduct_cat&post=30111"},{"taxonomy":"product_tag","embeddable":true,"href":"https:\/\/108giahoa.com\/index.php?rest_route=%2Fwp%2Fv2%2Fproduct_tag&post=30111"}],"curies":[{"name":"wp","href":"https:\/\/api.w.org\/{rel}","templated":true}]}}