{"id":30456,"date":"2026-03-18T03:03:04","date_gmt":"2026-03-18T03:03:04","guid":{"rendered":"https:\/\/108giahoa.com\/?post_type=product&#038;p=30456"},"modified":"2026-03-18T03:03:04","modified_gmt":"2026-03-18T03:03:04","slug":"ban-phim-khong-day-logitech-wireless-k400-plus","status":"publish","type":"product","link":"https:\/\/108giahoa.com\/?product=ban-phim-khong-day-logitech-wireless-k400-plus","title":{"rendered":"B\u00e0n ph\u00edm kh\u00f4ng d\u00e2y Logitech Wireless K400 Plus"},"content":{"rendered":"","protected":false},"excerpt":{"rendered":"","protected":false},"featured_media":30457,"comment_status":"open","ping_status":"closed","template":"","meta":[],"product_brand":[166],"product_cat":[123],"product_tag":[],"class_list":{"0":"post-30456","1":"product","2":"type-product","3":"status-publish","4":"has-post-thumbnail","6":"product_brand-ban-phim-vi-tinh","7":"product_cat-linh-kien-tin-hoc","9":"first","10":"instock","11":"shipping-taxable","12":"product-type-simple"},"_links":{"self":[{"href":"https:\/\/108giahoa.com\/index.php?rest_route=\/wp\/v2\/product\/30456","targetHints":{"allow":["GET"]}}],"collection":[{"href":"https:\/\/108giahoa.com\/index.php?rest_route=\/wp\/v2\/product"}],"about":[{"href":"https:\/\/108giahoa.com\/index.php?rest_route=\/wp\/v2\/types\/product"}],"replies":[{"embeddable":true,"href":"https:\/\/108giahoa.com\/index.php?rest_route=%2Fwp%2Fv2%2Fcomments&post=30456"}],"version-history":[{"count":1,"href":"https:\/\/108giahoa.com\/index.php?rest_route=\/wp\/v2\/product\/30456\/revisions"}],"predecessor-version":[{"id":30458,"href":"https:\/\/108giahoa.com\/index.php?rest_route=\/wp\/v2\/product\/30456\/revisions\/30458"}],"wp:featuredmedia":[{"embeddable":true,"href":"https:\/\/108giahoa.com\/index.php?rest_route=\/wp\/v2\/media\/30457"}],"wp:attachment":[{"href":"https:\/\/108giahoa.com\/index.php?rest_route=%2Fwp%2Fv2%2Fmedia&parent=30456"}],"wp:term":[{"taxonomy":"product_brand","embeddable":true,"href":"https:\/\/108giahoa.com\/index.php?rest_route=%2Fwp%2Fv2%2Fproduct_brand&post=30456"},{"taxonomy":"product_cat","embeddable":true,"href":"https:\/\/108giahoa.com\/index.php?rest_route=%2Fwp%2Fv2%2Fproduct_cat&post=30456"},{"taxonomy":"product_tag","embeddable":true,"href":"https:\/\/108giahoa.com\/index.php?rest_route=%2Fwp%2Fv2%2Fproduct_tag&post=30456"}],"curies":[{"name":"wp","href":"https:\/\/api.w.org\/{rel}","templated":true}]}}