{"id":30883,"date":"2026-03-21T01:43:29","date_gmt":"2026-03-21T01:43:29","guid":{"rendered":"https:\/\/108giahoa.com\/?post_type=product&#038;p=30883"},"modified":"2026-03-21T01:43:50","modified_gmt":"2026-03-21T01:43:50","slug":"may-in-laser-den-trang-da-nang-brother-dcp-b7640dw","status":"publish","type":"product","link":"https:\/\/108giahoa.com\/?product=may-in-laser-den-trang-da-nang-brother-dcp-b7640dw","title":{"rendered":"M\u00e1y in Laser \u0111en tr\u1eafng \u0111a n\u0103ng Brother DCP-B7640DW"},"content":{"rendered":"<table>\n<tbody>\n<tr>\n<td>Ch\u1ee9c n\u0103ng<\/td>\n<td>In, Qu\u00e9t, Sao ch\u00e9p (Copy)<\/td>\n<\/tr>\n<tr>\n<td>Lo\u1ea1i m\u00e1y in<\/td>\n<td>M\u00e1y in laser<\/td>\n<\/tr>\n<tr>\n<td>K\u00edch th\u01b0\u1edbc (R \u00d7 S \u00d7 C)<\/td>\n<td>410 \u00d7 399 \u00d7 319 mm<\/td>\n<\/tr>\n<tr>\n<td>Tr\u1ecdng l\u01b0\u1ee3ng<\/td>\n<td>11.8 kg<\/td>\n<\/tr>\n<tr>\n<td>T\u1ed1c \u0111\u1ed9 in (A4)<\/td>\n<td>L\u00ean \u0111\u1ebfn 34 trang\/ph\u00fat<\/td>\n<\/tr>\n<tr>\n<td>T\u1ed1c \u0111\u1ed9 in (Letter)<\/td>\n<td>L\u00ean \u0111\u1ebfn 36 trang\/ph\u00fat<\/td>\n<\/tr>\n<tr>\n<td>\u0110\u1ed9 ph\u00e2n gi\u1ea3i in<\/td>\n<td>L\u00ean \u0111\u1ebfn 1.200 \u00d7 1.200 dpi<\/td>\n<\/tr>\n<tr>\n<td>Lo\u1ea1i gi\u1ea5y h\u1ed7 tr\u1ee3<\/td>\n<td>Gi\u1ea5y th\u01b0\u1eddng, gi\u1ea5y m\u1ecfng, gi\u1ea5y d\u00e0y, gi\u1ea5y r\u1ea5t d\u00e0y, gi\u1ea5y t\u00e1i ch\u1ebf, Bond, nh\u00e3n, phong b\u00ec (m\u1ecfng\/d\u00e0y)<\/td>\n<\/tr>\n<tr>\n<td>Kh\u1ed5 gi\u1ea5y h\u1ed7 tr\u1ee3<\/td>\n<td>A4, Letter, B5 (JIS\/ISO), A5, A5 (c\u1ea1nh d\u00e0i), B6 (JIS), A6, Executive, Legal, Mexico Legal, India Legal, Folio, 16K (195 \u00d7 270 mm), A4 Short (270 mm), COM-10, DL, C5, Monarch<\/td>\n<\/tr>\n<tr>\n<td>S\u1ee9c ch\u1ee9a gi\u1ea5y t\u1ed1i \u0111a<\/td>\n<td>L\u00ean \u0111\u1ebfn 250 t\u1edd (80 gsm)<\/td>\n<\/tr>\n<tr>\n<td>In hai m\u1eb7t<\/td>\n<td>C\u00f3 (t\u1ef1 \u0111\u1ed9ng)<\/td>\n<\/tr>\n<tr>\n<td>Lo\u1ea1i gi\u1ea5y in hai m\u1eb7t<\/td>\n<td>Gi\u1ea5y th\u01b0\u1eddng, gi\u1ea5y m\u1ecfng, gi\u1ea5y t\u00e1i ch\u1ebf<\/td>\n<\/tr>\n<tr>\n<td>Kh\u1ed5 gi\u1ea5y in hai m\u1eb7t<\/td>\n<td>A4<\/td>\n<\/tr>\n<tr>\n<td>Khay gi\u1ea5y ch\u00ednh (Khay #1)<\/td>\n<td>L\u00ean \u0111\u1ebfn 250 t\u1edd (80 gsm)<\/td>\n<\/tr>\n<tr>\n<td>Khe n\u1ea1p gi\u1ea5y th\u1ee7 c\u00f4ng<\/td>\n<td>1 t\u1edd<\/td>\n<\/tr>\n<tr>\n<td>\u0110\u1ea7u ra gi\u1ea5y<\/td>\n<td>120 t\u1edd (\u00fap xu\u1ed1ng, 80 gsm); 1 t\u1edd (ng\u1eeda l\u00ean \u2013 khay ra th\u1eb3ng)<\/td>\n<\/tr>\n<tr>\n<td>Ph\u00f3ng to \/ Thu nh\u1ecf (Copy)<\/td>\n<td>25% \u2013 400% (b\u01b0\u1edbc \u0111i\u1ec1u ch\u1ec9nh 1%)<\/td>\n<\/tr>\n<\/tbody>\n<\/table>\n","protected":false},"excerpt":{"rendered":"<p>Ch\u1ee9c n\u0103ng In, Qu\u00e9t, Sao ch\u00e9p (Copy) Lo\u1ea1i m\u00e1y in M\u00e1y in laser K\u00edch th\u01b0\u1edbc (R \u00d7 S \u00d7 C)<\/p>\n","protected":false},"featured_media":30884,"comment_status":"open","ping_status":"closed","template":"","meta":[],"product_brand":[110],"product_cat":[91],"product_tag":[],"class_list":{"0":"post-30883","1":"product","2":"type-product","3":"status-publish","4":"has-post-thumbnail","6":"product_brand-may-in-trang-den","7":"product_cat-thiet-bi-cntt","9":"first","10":"instock","11":"shipping-taxable","12":"product-type-simple"},"_links":{"self":[{"href":"https:\/\/108giahoa.com\/index.php?rest_route=\/wp\/v2\/product\/30883","targetHints":{"allow":["GET"]}}],"collection":[{"href":"https:\/\/108giahoa.com\/index.php?rest_route=\/wp\/v2\/product"}],"about":[{"href":"https:\/\/108giahoa.com\/index.php?rest_route=\/wp\/v2\/types\/product"}],"replies":[{"embeddable":true,"href":"https:\/\/108giahoa.com\/index.php?rest_route=%2Fwp%2Fv2%2Fcomments&post=30883"}],"version-history":[{"count":1,"href":"https:\/\/108giahoa.com\/index.php?rest_route=\/wp\/v2\/product\/30883\/revisions"}],"predecessor-version":[{"id":30885,"href":"https:\/\/108giahoa.com\/index.php?rest_route=\/wp\/v2\/product\/30883\/revisions\/30885"}],"wp:featuredmedia":[{"embeddable":true,"href":"https:\/\/108giahoa.com\/index.php?rest_route=\/wp\/v2\/media\/30884"}],"wp:attachment":[{"href":"https:\/\/108giahoa.com\/index.php?rest_route=%2Fwp%2Fv2%2Fmedia&parent=30883"}],"wp:term":[{"taxonomy":"product_brand","embeddable":true,"href":"https:\/\/108giahoa.com\/index.php?rest_route=%2Fwp%2Fv2%2Fproduct_brand&post=30883"},{"taxonomy":"product_cat","embeddable":true,"href":"https:\/\/108giahoa.com\/index.php?rest_route=%2Fwp%2Fv2%2Fproduct_cat&post=30883"},{"taxonomy":"product_tag","embeddable":true,"href":"https:\/\/108giahoa.com\/index.php?rest_route=%2Fwp%2Fv2%2Fproduct_tag&post=30883"}],"curies":[{"name":"wp","href":"https:\/\/api.w.org\/{rel}","templated":true}]}}