{"id":30995,"date":"2026-03-21T03:51:28","date_gmt":"2026-03-21T03:51:28","guid":{"rendered":"https:\/\/108giahoa.com\/?post_type=product&#038;p=30995"},"modified":"2026-03-21T03:51:28","modified_gmt":"2026-03-21T03:51:28","slug":"may-in-phun-mau-epson-l805-6-mau-wifi","status":"publish","type":"product","link":"https:\/\/108giahoa.com\/?product=may-in-phun-mau-epson-l805-6-mau-wifi","title":{"rendered":"M\u00e1y in phun m\u00e0u Epson L805 &#8211; 6 m\u00e0u, Wifi"},"content":{"rendered":"<ul class=\"ListStyle1\">\n<li><b>Model:<\/b>\u00a0M\u00e1y in\u00a0<a href=\"https:\/\/viettuhaiprinting.vn\/epson\/may-in\/may-in-epson-l805-3766.html\">Epson L805<\/a><\/li>\n<li><b>Lo\u1ea1i m\u00e1y:<\/b>\u00a0in phun ti\u1ebfp m\u1ef1c ngo\u00e0i ch\u00ednh h\u00e3ng<\/li>\n<li><b>Ch\u1ee9c n\u0103ng:<\/b>\u00a0in<\/li>\n<li><b>Kh\u1ed5 gi\u1ea5y in:<\/b>\u00a0T\u1ed1i \u0111a kh\u1ed5 A4<\/li>\n<li><strong>T\u1ed1c \u0111\u1ed9 in:\u00a0Draft, A4 (Black \/ Colour)<\/strong><br \/>\nApprox. 37 ppm \/ 38 ppm *1<br \/>\n<strong>ISO 24734, A4 Simplex (Black \/ Colour)<\/strong><br \/>\nUp to 5.1 ipm \/ 5 ipm *1<br \/>\n<strong>Photo Default<\/strong><br \/>\nApprox. 27 sec per photo (Borderless) *1<br \/>\nMax Photo Default: Approx. 12 sec per photo (Borderless) *1<\/li>\n<li><b>\u0110\u1ed9 ph\u00e2n gi\u1ea3i:<\/b>\u00a05,760 x 1,440 dpi (with Variable-Sized Droplet Technology)<\/li>\n<li><b>Chu\u1ea9n k\u1ebft n\u1ed1i:<\/b>\u00a0Standard: USB 2.0, Network: IEEE 802.11b\/g\/n<\/li>\n<li><b>Ch\u1ee9c n\u0103ng \u0111\u1eb7c bi\u1ec7t:<\/b>\u00a0Wi-Fi &amp; Epson iPrint, Kh\u1ea3 n\u0103ng in CD \/ DVD<\/li>\n<li><b>Hi\u1ec7u su\u1ea5t l\u00e0m vi\u1ec7c:<\/b>\u00a07,000 trang \/ th\u00e1ng<\/li>\n<li><b>M\u1ef1c in s\u1eed d\u1ee5ng:<\/b>\u00a0<a href=\"https:\/\/viettuhaiprinting.vn\/tin-tuc\/bo-muc-6-mau-epson-t673-series-su-dung-cho-cac-dong-may-in-sau-10841.html\">Epson\u00a0T673<\/a><\/li>\n<\/ul>\n","protected":false},"excerpt":{"rendered":"<p>Model:\u00a0M\u00e1y in\u00a0Epson L805 Lo\u1ea1i m\u00e1y:\u00a0in phun ti\u1ebfp m\u1ef1c ngo\u00e0i ch\u00ednh h\u00e3ng Ch\u1ee9c n\u0103ng:\u00a0in Kh\u1ed5 gi\u1ea5y in:\u00a0T\u1ed1i \u0111a kh\u1ed5 A4 T\u1ed1c<\/p>\n","protected":false},"featured_media":30996,"comment_status":"open","ping_status":"closed","template":"","meta":[],"product_brand":[115],"product_cat":[91],"product_tag":[],"class_list":{"0":"post-30995","1":"product","2":"type-product","3":"status-publish","4":"has-post-thumbnail","6":"product_brand-may-in-phun-mau","7":"product_cat-thiet-bi-cntt","9":"first","10":"instock","11":"shipping-taxable","12":"product-type-simple"},"_links":{"self":[{"href":"https:\/\/108giahoa.com\/index.php?rest_route=\/wp\/v2\/product\/30995","targetHints":{"allow":["GET"]}}],"collection":[{"href":"https:\/\/108giahoa.com\/index.php?rest_route=\/wp\/v2\/product"}],"about":[{"href":"https:\/\/108giahoa.com\/index.php?rest_route=\/wp\/v2\/types\/product"}],"replies":[{"embeddable":true,"href":"https:\/\/108giahoa.com\/index.php?rest_route=%2Fwp%2Fv2%2Fcomments&post=30995"}],"version-history":[{"count":1,"href":"https:\/\/108giahoa.com\/index.php?rest_route=\/wp\/v2\/product\/30995\/revisions"}],"predecessor-version":[{"id":30997,"href":"https:\/\/108giahoa.com\/index.php?rest_route=\/wp\/v2\/product\/30995\/revisions\/30997"}],"wp:featuredmedia":[{"embeddable":true,"href":"https:\/\/108giahoa.com\/index.php?rest_route=\/wp\/v2\/media\/30996"}],"wp:attachment":[{"href":"https:\/\/108giahoa.com\/index.php?rest_route=%2Fwp%2Fv2%2Fmedia&parent=30995"}],"wp:term":[{"taxonomy":"product_brand","embeddable":true,"href":"https:\/\/108giahoa.com\/index.php?rest_route=%2Fwp%2Fv2%2Fproduct_brand&post=30995"},{"taxonomy":"product_cat","embeddable":true,"href":"https:\/\/108giahoa.com\/index.php?rest_route=%2Fwp%2Fv2%2Fproduct_cat&post=30995"},{"taxonomy":"product_tag","embeddable":true,"href":"https:\/\/108giahoa.com\/index.php?rest_route=%2Fwp%2Fv2%2Fproduct_tag&post=30995"}],"curies":[{"name":"wp","href":"https:\/\/api.w.org\/{rel}","templated":true}]}}