{"id":31265,"date":"2026-03-21T10:10:47","date_gmt":"2026-03-21T10:10:47","guid":{"rendered":"https:\/\/108giahoa.com\/?post_type=product&#038;p=31265"},"modified":"2026-03-21T10:10:48","modified_gmt":"2026-03-21T10:10:48","slug":"may-cham-cong-khuon-mat-van-tay-long-ban-tay","status":"publish","type":"product","link":"https:\/\/108giahoa.com\/?product=may-cham-cong-khuon-mat-van-tay-long-ban-tay","title":{"rendered":"M\u00e1y ch\u1ea5m c\u00f4ng khu\u00f4n m\u1eb7t, v\u00e2n tay, l\u00f2ng b\u00e0n tay"},"content":{"rendered":"<ul>\n<li><span class=\"item \">M\u00e1y ch\u1ea5m c\u00f4ng khu\u00f4n m\u1eb7t, v\u00e2n tay, l\u00f2ng b\u00e0n tay SpeedFace V5L(P)<\/span><\/li>\n<li><span class=\"item \"><i class=\"fa fa-check-circle\"><\/i>Xu\u1ea5t x\u1ee9: ZKTECO China<\/span><\/li>\n<li><span class=\"item \"><i class=\"fa fa-check-circle\"><\/i>M\u00e0n h\u00ecnh c\u1ea3m \u1ee9ng 5 inch<\/span><\/li>\n<li><span class=\"item \"><i class=\"fa fa-check-circle\"><\/i>Kh\u1ea3 n\u0103ng l\u01b0u tr\u1eef: 6.000 khu\u00f4n m\u1eb7t, 6.000 v\u00e2n tay, 3000 Palm v\u00e0 200.000 giao d\u1ecbch (T\u00f9y ch\u1ecdn b\u1ed9 nh\u1edb cao)<\/span><\/li>\n<li><span class=\"item hide d-block\"><i class=\"fa fa-check-circle\"><\/i>K\u1ebft n\u1ed1i: : TCP \/ IP, ADMS , Wiegand input \/ output, RS485<\/span><\/li>\n<li><span class=\"item hide d-block\"><i class=\"fa fa-check-circle\"><\/i>Ch\u1ee9c n\u0103ng ti\u00eau chu\u1ea9n: ADMS, T9 Input, DST, Schedule Bell, Camera, 9 digit user ID, Acess Levels, Groups, Anti passback<\/span><\/li>\n<li><span class=\"item hide d-block\"><i class=\"fa fa-check-circle\"><\/i>Camera chi\u1ebfu s\u00e1ng 2MB, \u0110i\u1ec1u ch\u1ec9nh \u0111\u1ed9 s\u00e1ng b\u1eb1ng h\u1ec7 th\u1ed1ng \u0111\u00e8n led th\u00f4ng minh<\/span><\/li>\n<li><span class=\"item hide d-block\"><i class=\"fa fa-check-circle\"><\/i>K\u1ebft n\u1ed1i v\u1edbi b\u00ean th\u1ee9 3: Kh\u00f3a, c\u1ea3m bi\u1ebfn, n\u00fat kh\u1ea9n, \u0111\u1ea7u \u0111\u1ecdc ph\u1ee5, b\u00e1o \u0111\u1ed9ng, exit<\/span><\/li>\n<li><span class=\"item hide d-block\"><i class=\"fa fa-check-circle\"><\/i>Th\u1eddi gian nh\u1eadn di\u1ec7n: &lt; 1s<\/span><\/li>\n<li><span class=\"item hide d-block\"><i class=\"fa fa-check-circle\"><\/i>Ngu\u1ed3n \u0111i\u1ec7n: 12 VDC 3A<\/span><\/li>\n<li><span class=\"item hide d-block\"><i class=\"fa fa-check-circle\"><\/i>Nhi\u1ec7t \u0111\u1ed9 ho\u1ea1t \u0111\u1ed9ng: -10 \u00b0 C \u2013 45 \u00b0 C<\/span><\/li>\n<li><span class=\"item hide d-block\"><i class=\"fa fa-check-circle\"><\/i>K\u00edch th\u01b0\u1edbc: 91,93\u00d7202,93\u00d721,5mm<\/span><\/li>\n<li><span class=\"item hide d-block\"><i class=\"fa fa-check-circle\"><\/i>T\u00f9y ch\u1ecdn: \u0110\u1ecdc th\u1ebb Mifare,\u0110\u1ecdc th\u1ebb ID, B\u1ed9 nh\u1edb cao<\/span><\/li>\n<li><span class=\"item hide d-block\"><i class=\"fa fa-check-circle\"><\/i>S\u1eed d\u1ee5ng ph\u1ea7n m\u1ec1m: BioAccess, ZKBioSecurity, OnTime<\/span><\/li>\n<\/ul>\n","protected":false},"excerpt":{"rendered":"<p>M\u00e1y ch\u1ea5m c\u00f4ng khu\u00f4n m\u1eb7t, v\u00e2n tay, l\u00f2ng b\u00e0n tay SpeedFace V5L(P) Xu\u1ea5t x\u1ee9: ZKTECO China M\u00e0n h\u00ecnh c\u1ea3m \u1ee9ng<\/p>\n","protected":false},"featured_media":31267,"comment_status":"open","ping_status":"closed","template":"","meta":[],"product_brand":[121],"product_cat":[91],"product_tag":[],"class_list":{"0":"post-31265","1":"product","2":"type-product","3":"status-publish","4":"has-post-thumbnail","6":"product_brand-may-cham-cong","7":"product_cat-thiet-bi-cntt","9":"first","10":"instock","11":"shipping-taxable","12":"product-type-simple"},"_links":{"self":[{"href":"https:\/\/108giahoa.com\/index.php?rest_route=\/wp\/v2\/product\/31265","targetHints":{"allow":["GET"]}}],"collection":[{"href":"https:\/\/108giahoa.com\/index.php?rest_route=\/wp\/v2\/product"}],"about":[{"href":"https:\/\/108giahoa.com\/index.php?rest_route=\/wp\/v2\/types\/product"}],"replies":[{"embeddable":true,"href":"https:\/\/108giahoa.com\/index.php?rest_route=%2Fwp%2Fv2%2Fcomments&post=31265"}],"version-history":[{"count":1,"href":"https:\/\/108giahoa.com\/index.php?rest_route=\/wp\/v2\/product\/31265\/revisions"}],"predecessor-version":[{"id":31268,"href":"https:\/\/108giahoa.com\/index.php?rest_route=\/wp\/v2\/product\/31265\/revisions\/31268"}],"wp:featuredmedia":[{"embeddable":true,"href":"https:\/\/108giahoa.com\/index.php?rest_route=\/wp\/v2\/media\/31267"}],"wp:attachment":[{"href":"https:\/\/108giahoa.com\/index.php?rest_route=%2Fwp%2Fv2%2Fmedia&parent=31265"}],"wp:term":[{"taxonomy":"product_brand","embeddable":true,"href":"https:\/\/108giahoa.com\/index.php?rest_route=%2Fwp%2Fv2%2Fproduct_brand&post=31265"},{"taxonomy":"product_cat","embeddable":true,"href":"https:\/\/108giahoa.com\/index.php?rest_route=%2Fwp%2Fv2%2Fproduct_cat&post=31265"},{"taxonomy":"product_tag","embeddable":true,"href":"https:\/\/108giahoa.com\/index.php?rest_route=%2Fwp%2Fv2%2Fproduct_tag&post=31265"}],"curies":[{"name":"wp","href":"https:\/\/api.w.org\/{rel}","templated":true}]}}