{"id":31400,"date":"2026-03-23T09:48:37","date_gmt":"2026-03-23T09:48:37","guid":{"rendered":"https:\/\/108giahoa.com\/?post_type=product&#038;p=31400"},"modified":"2026-03-23T09:48:51","modified_gmt":"2026-03-23T09:48:51","slug":"ghe-thi-nghiem-stood-basic","status":"publish","type":"product","link":"https:\/\/108giahoa.com\/?product=ghe-thi-nghiem-stood-basic","title":{"rendered":"Gh\u1ebf th\u00ed nghi\u1ec7m STOOD BASIC"},"content":{"rendered":"<p><strong>Gh\u1ebf th\u00ed nghi\u1ec7m STOOD BASIC<\/strong><br \/>\n&#8211; M\u1eb7t gh\u1ebf b\u1eb1ng urathane (c\u1ea5u t\u1ea1o t\u1eeb Polyol &amp; MDI (Foam molded) t\u0103ng c\u01b0\u1eddng \u0111\u1ed9 b\u1ec1n c\u1ee7a s\u1ea3n ph\u1ea9m v\u00e0 \u0111\u1ea3m b\u1ea3o an to\u00e0n cho ng\u01b0\u1eddi s\u1eed d\u1ee5ng. &#8211; \u0111\u01b0\u1eddng k\u00ednh 360mm<br \/>\n&#8211; Ch\u00e2n gh\u1ebf th\u00e9p tr\u00f2n F25 \u0111\u01b0\u1ee3c s\u01a1n t\u0129nh \u0111i\u1ec7n cao c\u1ea5p, b\u1ec1n m\u00e0u.<br \/>\n&#8211; \u0110\u1ea7u b\u1ecbt gh\u1ebf ch\u1ed1ng c\u1eadp k\u00eanh , ch\u1ed1ng x\u01b0\u1edbc s\u00e0n lo\u1ea1i chuy\u00ean d\u1ee5ng<\/p>\n","protected":false},"excerpt":{"rendered":"<p>Gh\u1ebf th\u00ed nghi\u1ec7m STOOD BASIC &#8211; M\u1eb7t gh\u1ebf b\u1eb1ng urathane (c\u1ea5u t\u1ea1o t\u1eeb Polyol &amp; MDI (Foam molded) t\u0103ng c\u01b0\u1eddng<\/p>\n","protected":false},"featured_media":31384,"comment_status":"open","ping_status":"closed","template":"","meta":[],"product_brand":[184],"product_cat":[77],"product_tag":[],"class_list":{"0":"post-31400","1":"product","2":"type-product","3":"status-publish","4":"has-post-thumbnail","6":"product_brand-noi-that-phong-stem","7":"product_cat-noi-that-van-phong-truong-hoc","9":"first","10":"instock","11":"shipping-taxable","12":"product-type-simple"},"_links":{"self":[{"href":"https:\/\/108giahoa.com\/index.php?rest_route=\/wp\/v2\/product\/31400","targetHints":{"allow":["GET"]}}],"collection":[{"href":"https:\/\/108giahoa.com\/index.php?rest_route=\/wp\/v2\/product"}],"about":[{"href":"https:\/\/108giahoa.com\/index.php?rest_route=\/wp\/v2\/types\/product"}],"replies":[{"embeddable":true,"href":"https:\/\/108giahoa.com\/index.php?rest_route=%2Fwp%2Fv2%2Fcomments&post=31400"}],"version-history":[{"count":2,"href":"https:\/\/108giahoa.com\/index.php?rest_route=\/wp\/v2\/product\/31400\/revisions"}],"predecessor-version":[{"id":31402,"href":"https:\/\/108giahoa.com\/index.php?rest_route=\/wp\/v2\/product\/31400\/revisions\/31402"}],"wp:featuredmedia":[{"embeddable":true,"href":"https:\/\/108giahoa.com\/index.php?rest_route=\/wp\/v2\/media\/31384"}],"wp:attachment":[{"href":"https:\/\/108giahoa.com\/index.php?rest_route=%2Fwp%2Fv2%2Fmedia&parent=31400"}],"wp:term":[{"taxonomy":"product_brand","embeddable":true,"href":"https:\/\/108giahoa.com\/index.php?rest_route=%2Fwp%2Fv2%2Fproduct_brand&post=31400"},{"taxonomy":"product_cat","embeddable":true,"href":"https:\/\/108giahoa.com\/index.php?rest_route=%2Fwp%2Fv2%2Fproduct_cat&post=31400"},{"taxonomy":"product_tag","embeddable":true,"href":"https:\/\/108giahoa.com\/index.php?rest_route=%2Fwp%2Fv2%2Fproduct_tag&post=31400"}],"curies":[{"name":"wp","href":"https:\/\/api.w.org\/{rel}","templated":true}]}}