{"id":31420,"date":"2026-03-24T01:25:18","date_gmt":"2026-03-24T01:25:18","guid":{"rendered":"https:\/\/108giahoa.com\/?post_type=product&#038;p=31420"},"modified":"2026-03-24T01:25:20","modified_gmt":"2026-03-24T01:25:20","slug":"tu-locker-18-ngan","status":"publish","type":"product","link":"https:\/\/108giahoa.com\/?product=tu-locker-18-ngan","title":{"rendered":"T\u1ee6 LOCKER 18 NG\u0102N"},"content":{"rendered":"<p>K\u00edch th\u01b0\u1edbc c\u1ee7a t\u1ee7 locker TU986-3k l\u00e0 W915 x D450 x H1830mm, v\u1edbi dung sai k\u00edch th\u01b0\u1edbc l\u00e0 \u00b1 3mm. \u0110i\u1ec1u n\u00e0y cho ph\u00e9p s\u1ea3n ph\u1ea9m c\u00f3 kh\u1ea3 n\u0103ng th\u00edch \u1ee9ng t\u1ed1t v\u1edbi nhi\u1ec1u kh\u00f4ng gian v\u0103n ph\u00f2ng kh\u00e1c nhau.<\/p>\n<p>V\u1edbi thi\u1ebft k\u1ebf 18 ng\u0103n, t\u1ee7 locker n\u00e0y \u0111\u00e1p \u1ee9ng t\u1ed1i \u01b0u nhu c\u1ea7u l\u01b0u tr\u1eef c\u1ee7a nh\u00e2n vi\u00ean, gi\u00fap h\u1ecd d\u1ec5 d\u00e0ng ph\u00e2n chia v\u00e0 s\u1eafp x\u1ebfp \u0111\u1ed3 d\u00f9ng c\u00e1 nh\u00e2n m\u1ed9t c\u00e1ch khoa h\u1ecdc.<\/p>\n","protected":false},"excerpt":{"rendered":"<p>K\u00edch th\u01b0\u1edbc c\u1ee7a t\u1ee7 locker TU986-3k l\u00e0 W915 x D450 x H1830mm, v\u1edbi dung sai k\u00edch th\u01b0\u1edbc l\u00e0 \u00b1 3mm.<\/p>\n","protected":false},"featured_media":31421,"comment_status":"open","ping_status":"closed","template":"","meta":[],"product_brand":[120],"product_cat":[77],"product_tag":[],"class_list":{"0":"post-31420","1":"product","2":"type-product","3":"status-publish","4":"has-post-thumbnail","6":"product_brand-tu-ho-so","7":"product_cat-noi-that-van-phong-truong-hoc","9":"first","10":"instock","11":"shipping-taxable","12":"product-type-simple"},"_links":{"self":[{"href":"https:\/\/108giahoa.com\/index.php?rest_route=\/wp\/v2\/product\/31420","targetHints":{"allow":["GET"]}}],"collection":[{"href":"https:\/\/108giahoa.com\/index.php?rest_route=\/wp\/v2\/product"}],"about":[{"href":"https:\/\/108giahoa.com\/index.php?rest_route=\/wp\/v2\/types\/product"}],"replies":[{"embeddable":true,"href":"https:\/\/108giahoa.com\/index.php?rest_route=%2Fwp%2Fv2%2Fcomments&post=31420"}],"version-history":[{"count":1,"href":"https:\/\/108giahoa.com\/index.php?rest_route=\/wp\/v2\/product\/31420\/revisions"}],"predecessor-version":[{"id":31422,"href":"https:\/\/108giahoa.com\/index.php?rest_route=\/wp\/v2\/product\/31420\/revisions\/31422"}],"wp:featuredmedia":[{"embeddable":true,"href":"https:\/\/108giahoa.com\/index.php?rest_route=\/wp\/v2\/media\/31421"}],"wp:attachment":[{"href":"https:\/\/108giahoa.com\/index.php?rest_route=%2Fwp%2Fv2%2Fmedia&parent=31420"}],"wp:term":[{"taxonomy":"product_brand","embeddable":true,"href":"https:\/\/108giahoa.com\/index.php?rest_route=%2Fwp%2Fv2%2Fproduct_brand&post=31420"},{"taxonomy":"product_cat","embeddable":true,"href":"https:\/\/108giahoa.com\/index.php?rest_route=%2Fwp%2Fv2%2Fproduct_cat&post=31420"},{"taxonomy":"product_tag","embeddable":true,"href":"https:\/\/108giahoa.com\/index.php?rest_route=%2Fwp%2Fv2%2Fproduct_tag&post=31420"}],"curies":[{"name":"wp","href":"https:\/\/api.w.org\/{rel}","templated":true}]}}