{"id":31432,"date":"2026-03-24T01:58:15","date_gmt":"2026-03-24T01:58:15","guid":{"rendered":"https:\/\/108giahoa.com\/?post_type=product&#038;p=31432"},"modified":"2026-03-24T01:58:16","modified_gmt":"2026-03-24T01:58:16","slug":"tu-lanh-dao","status":"publish","type":"product","link":"https:\/\/108giahoa.com\/?product=tu-lanh-dao","title":{"rendered":"T\u1ee7 l\u00e3nh \u0111\u1ea1o"},"content":{"rendered":"<h2>Th\u00f4ng s\u1ed1 k\u1ef9 thu\u1eadt<\/h2>\n<h3>K\u00edch th\u01b0\u1edbc t\u1ed5ng th\u1ec3:<\/h3>\n<ul>\n<li>Chi\u1ec1u r\u1ed9ng (W): 1800mm<\/li>\n<li>Chi\u1ec1u s\u00e2u (D): 400mm<\/li>\n<li>Chi\u1ec1u cao (H): 2000mm<\/li>\n<li>Dung sai k\u00edch th\u01b0\u1edbc: \u00b1 5mm<\/li>\n<\/ul>\n<h3>C\u1ea5u t\u1ea1o s\u1ea3n ph\u1ea9m:<\/h3>\n<ul>\n<li>Lo\u1ea1i t\u1ee7: T\u1ee7 t\u00e0i li\u1ec7u s\u01a1n PU 4 khoang<\/li>\n<li>Ph\u1ea7n tr\u00ean: 2 c\u00e1nh khung k\u00ednh v\u00e0 2 khoang treo \u00e1o<\/li>\n<li>Ph\u1ea7n d\u01b0\u1edbi: 4 ng\u0103n k\u00e9o v\u00e0 2 c\u00e1nh m\u1edf<\/li>\n<li>Ch\u1ea5t li\u1ec7u: G\u1ed7 c\u00f4ng nghi\u1ec7p cao c\u1ea5p ph\u1ee7 s\u01a1n PU<\/li>\n<li>Ph\u1ee5 ki\u1ec7n: B\u1ea3n l\u1ec1, ray tr\u01b0\u1ee3t, tay n\u1eafm ch\u1ea5t l\u01b0\u1ee3ng cao<\/li>\n<\/ul>\n","protected":false},"excerpt":{"rendered":"<p>Th\u00f4ng s\u1ed1 k\u1ef9 thu\u1eadt K\u00edch th\u01b0\u1edbc t\u1ed5ng th\u1ec3: Chi\u1ec1u r\u1ed9ng (W): 1800mm Chi\u1ec1u s\u00e2u (D): 400mm Chi\u1ec1u cao (H): 2000mm<\/p>\n","protected":false},"featured_media":31433,"comment_status":"open","ping_status":"closed","template":"","meta":[],"product_brand":[172,120],"product_cat":[77],"product_tag":[],"class_list":{"0":"post-31432","1":"product","2":"type-product","3":"status-publish","4":"has-post-thumbnail","6":"product_brand-tu-cac-loai","7":"product_brand-tu-ho-so","8":"product_cat-noi-that-van-phong-truong-hoc","10":"first","11":"instock","12":"shipping-taxable","13":"product-type-simple"},"_links":{"self":[{"href":"https:\/\/108giahoa.com\/index.php?rest_route=\/wp\/v2\/product\/31432","targetHints":{"allow":["GET"]}}],"collection":[{"href":"https:\/\/108giahoa.com\/index.php?rest_route=\/wp\/v2\/product"}],"about":[{"href":"https:\/\/108giahoa.com\/index.php?rest_route=\/wp\/v2\/types\/product"}],"replies":[{"embeddable":true,"href":"https:\/\/108giahoa.com\/index.php?rest_route=%2Fwp%2Fv2%2Fcomments&post=31432"}],"version-history":[{"count":1,"href":"https:\/\/108giahoa.com\/index.php?rest_route=\/wp\/v2\/product\/31432\/revisions"}],"predecessor-version":[{"id":31434,"href":"https:\/\/108giahoa.com\/index.php?rest_route=\/wp\/v2\/product\/31432\/revisions\/31434"}],"wp:featuredmedia":[{"embeddable":true,"href":"https:\/\/108giahoa.com\/index.php?rest_route=\/wp\/v2\/media\/31433"}],"wp:attachment":[{"href":"https:\/\/108giahoa.com\/index.php?rest_route=%2Fwp%2Fv2%2Fmedia&parent=31432"}],"wp:term":[{"taxonomy":"product_brand","embeddable":true,"href":"https:\/\/108giahoa.com\/index.php?rest_route=%2Fwp%2Fv2%2Fproduct_brand&post=31432"},{"taxonomy":"product_cat","embeddable":true,"href":"https:\/\/108giahoa.com\/index.php?rest_route=%2Fwp%2Fv2%2Fproduct_cat&post=31432"},{"taxonomy":"product_tag","embeddable":true,"href":"https:\/\/108giahoa.com\/index.php?rest_route=%2Fwp%2Fv2%2Fproduct_tag&post=31432"}],"curies":[{"name":"wp","href":"https:\/\/api.w.org\/{rel}","templated":true}]}}