{"id":31450,"date":"2026-03-24T02:14:29","date_gmt":"2026-03-24T02:14:29","guid":{"rendered":"https:\/\/108giahoa.com\/?post_type=product&#038;p=31450"},"modified":"2026-03-24T02:14:29","modified_gmt":"2026-03-24T02:14:29","slug":"tu-locker-thong-minh","status":"publish","type":"product","link":"https:\/\/108giahoa.com\/?product=tu-locker-thong-minh","title":{"rendered":"T\u1ee7 locker th\u00f4ng minh"},"content":{"rendered":"<p>T\u1ee7 Locker th\u00f4ng minh SLC02NT ( t\u1ee7 n\u1ed1i ti\u1ebfp)<\/p>\n<p>&#8211; K\u00edch th\u01b0\u1edbc: W900 x D550 x H1980 mm. Dung sai k\u00edch th\u01b0\u1edbc: \u00b1 3 (mm)<\/p>\n<p>&#8211; T\u1ee7 locker th\u00f4ng minh s\u1eed d\u1ee5ng trong c\u00e1c kh\u00f4ng gian c\u00f4ng c\u1ed9ng nh\u01b0 v\u0103n ph\u00f2ng, TTTM, tri\u1ec3n l\u00e3m, tr\u01b0\u1eddng h\u1ecdc, ph\u00f2ng gym, si\u00eau th\u1ecb ho\u1eb7c khu v\u1ef1c l\u01b0u tr\u1eef c\u00e1 nh\u00e2n.<\/p>\n<p>&#8211; T\u1ee7 n\u1ed1i ti\u1ebfp g\u1ed3m 3 khoang, 2 khoang tr\u00e1i-ph\u1ea3i m\u1ed7i khoang g\u1ed3m 6 ng\u0103n kt nh\u1ecf, 3 ng\u0103n kt v\u1eeba v\u00e0 1 ng\u0103n kt to, khoang k\u1ef9 thu\u1eadt \u1edf gi\u1eefa.<\/p>\n<p>&#8211; T\u1ee7 s\u1eed d\u1ee5ng h\u1ec7 th\u1ed1ng kh\u00f3a th\u00f4ng minh k\u1ebft n\u1ed1i c\u00f9ng t\u1ee7 SLC02DL v\u1edbi c\u00e1c ch\u1ebf \u0111\u1ed9 b\u1ea3o m\u1eadt b\u1eb1ng face id, m\u1eadt m\u00e3, c\u00e1c t\u00ednh n\u0103ng qu\u1ea3n l\u00fd ng\u01b0\u1eddi d\u00f9ng c\u00e1 nh\u00e2n, c\u00f4ng c\u1ed9ng.<\/p>\n<p>&#8211; Ph\u00f9 h\u1ee3p h\u1ed7 tr\u1ee3 shipper giao h\u00e0ng an to\u00e0n b\u1eb1ng m\u1eadt m\u00e3.<\/p>\n<p>(L\u01b0u \u00fd: M\u00e0u s\u1eafc hi\u1ec3n th\u1ecb tr\u00ean website c\u00f3 th\u1ec3 kh\u00f4ng ch\u00ednh x\u00e1c do ch\u1ee5p \u1ea3nh, ho\u1eb7c m\u00f4 ph\u1ecfng b\u1eb1ng \u1ea3nh 3D. Kh\u00e1ch h\u00e0ng vui l\u00f2ng ki\u1ec3m tra x\u00e1c nh\u1eadn m\u00e0u s\u1eafc tr\u01b0\u1edbc khi \u0111\u1eb7t h\u00e0ng)<\/p>\n","protected":false},"excerpt":{"rendered":"<p>T\u1ee7 Locker th\u00f4ng minh SLC02NT ( t\u1ee7 n\u1ed1i ti\u1ebfp) &#8211; K\u00edch th\u01b0\u1edbc: W900 x D550 x H1980 mm. Dung sai<\/p>\n","protected":false},"featured_media":31451,"comment_status":"open","ping_status":"closed","template":"","meta":[],"product_brand":[172],"product_cat":[77],"product_tag":[],"class_list":{"0":"post-31450","1":"product","2":"type-product","3":"status-publish","4":"has-post-thumbnail","6":"product_brand-tu-cac-loai","7":"product_cat-noi-that-van-phong-truong-hoc","9":"first","10":"instock","11":"shipping-taxable","12":"product-type-simple"},"_links":{"self":[{"href":"https:\/\/108giahoa.com\/index.php?rest_route=\/wp\/v2\/product\/31450","targetHints":{"allow":["GET"]}}],"collection":[{"href":"https:\/\/108giahoa.com\/index.php?rest_route=\/wp\/v2\/product"}],"about":[{"href":"https:\/\/108giahoa.com\/index.php?rest_route=\/wp\/v2\/types\/product"}],"replies":[{"embeddable":true,"href":"https:\/\/108giahoa.com\/index.php?rest_route=%2Fwp%2Fv2%2Fcomments&post=31450"}],"version-history":[{"count":1,"href":"https:\/\/108giahoa.com\/index.php?rest_route=\/wp\/v2\/product\/31450\/revisions"}],"predecessor-version":[{"id":31452,"href":"https:\/\/108giahoa.com\/index.php?rest_route=\/wp\/v2\/product\/31450\/revisions\/31452"}],"wp:featuredmedia":[{"embeddable":true,"href":"https:\/\/108giahoa.com\/index.php?rest_route=\/wp\/v2\/media\/31451"}],"wp:attachment":[{"href":"https:\/\/108giahoa.com\/index.php?rest_route=%2Fwp%2Fv2%2Fmedia&parent=31450"}],"wp:term":[{"taxonomy":"product_brand","embeddable":true,"href":"https:\/\/108giahoa.com\/index.php?rest_route=%2Fwp%2Fv2%2Fproduct_brand&post=31450"},{"taxonomy":"product_cat","embeddable":true,"href":"https:\/\/108giahoa.com\/index.php?rest_route=%2Fwp%2Fv2%2Fproduct_cat&post=31450"},{"taxonomy":"product_tag","embeddable":true,"href":"https:\/\/108giahoa.com\/index.php?rest_route=%2Fwp%2Fv2%2Fproduct_tag&post=31450"}],"curies":[{"name":"wp","href":"https:\/\/api.w.org\/{rel}","templated":true}]}}