{"id":31460,"date":"2026-03-24T02:55:46","date_gmt":"2026-03-24T02:55:46","guid":{"rendered":"https:\/\/108giahoa.com\/?post_type=product&#038;p=31460"},"modified":"2026-03-24T02:55:46","modified_gmt":"2026-03-24T02:55:46","slug":"gia-sat-de-tai-lieu-2","status":"publish","type":"product","link":"https:\/\/108giahoa.com\/?product=gia-sat-de-tai-lieu-2","title":{"rendered":"GI\u00c1 S\u1eaeT \u0110\u1ec2 T\u00c0I LI\u1ec6U"},"content":{"rendered":"<p>Gi\u00e1 th\u01b0 vi\u1ec7n 4 khoang s\u1eed d\u1ee5ng 2 m\u1eb7t, c\u00f3 5 t\u1ea7ng \u0111\u1ec3 t\u00e0i li\u1ec7u. C\u00e1c \u0111\u1ee3t v\u00e0 thanh ch\u1eafn c\u00f3 th\u1ec3 di \u0111\u1ed9ng gi\u00fap \u0111i\u1ec1u ch\u1ec9nh \u0111\u1ed9 cao.<\/p>\n<p>K\u00edch th\u01b0\u1edbc:<\/p>\n<p>GS5K4: W3830 x D450 x H2070 mm<\/p>\n<p>GS5K4B: W3830 x D450 x H1875 mm<\/p>\n<p>Dung sai k\u00edch th\u01b0\u1edbc: \u00b1 5 (mm)<\/p>\n<p>(L\u01b0u \u00fd: M\u00e0u s\u1eafc hi\u1ec3n th\u1ecb tr\u00ean website c\u00f3 th\u1ec3 kh\u00f4ng ch\u00ednh x\u00e1c do ch\u1ee5p \u1ea3nh, ho\u1eb7c m\u00f4 ph\u1ecfng b\u1eb1ng \u1ea3nh 3D.<\/p>\n","protected":false},"excerpt":{"rendered":"<p>Gi\u00e1 th\u01b0 vi\u1ec7n 4 khoang s\u1eed d\u1ee5ng 2 m\u1eb7t, c\u00f3 5 t\u1ea7ng \u0111\u1ec3 t\u00e0i li\u1ec7u. C\u00e1c \u0111\u1ee3t v\u00e0 thanh ch\u1eafn<\/p>\n","protected":false},"featured_media":31461,"comment_status":"open","ping_status":"closed","template":"","meta":[],"product_brand":[136],"product_cat":[77],"product_tag":[],"class_list":{"0":"post-31460","1":"product","2":"type-product","3":"status-publish","4":"has-post-thumbnail","6":"product_brand-gia-ke","7":"product_cat-noi-that-van-phong-truong-hoc","9":"first","10":"instock","11":"shipping-taxable","12":"product-type-simple"},"_links":{"self":[{"href":"https:\/\/108giahoa.com\/index.php?rest_route=\/wp\/v2\/product\/31460","targetHints":{"allow":["GET"]}}],"collection":[{"href":"https:\/\/108giahoa.com\/index.php?rest_route=\/wp\/v2\/product"}],"about":[{"href":"https:\/\/108giahoa.com\/index.php?rest_route=\/wp\/v2\/types\/product"}],"replies":[{"embeddable":true,"href":"https:\/\/108giahoa.com\/index.php?rest_route=%2Fwp%2Fv2%2Fcomments&post=31460"}],"version-history":[{"count":1,"href":"https:\/\/108giahoa.com\/index.php?rest_route=\/wp\/v2\/product\/31460\/revisions"}],"predecessor-version":[{"id":31462,"href":"https:\/\/108giahoa.com\/index.php?rest_route=\/wp\/v2\/product\/31460\/revisions\/31462"}],"wp:featuredmedia":[{"embeddable":true,"href":"https:\/\/108giahoa.com\/index.php?rest_route=\/wp\/v2\/media\/31461"}],"wp:attachment":[{"href":"https:\/\/108giahoa.com\/index.php?rest_route=%2Fwp%2Fv2%2Fmedia&parent=31460"}],"wp:term":[{"taxonomy":"product_brand","embeddable":true,"href":"https:\/\/108giahoa.com\/index.php?rest_route=%2Fwp%2Fv2%2Fproduct_brand&post=31460"},{"taxonomy":"product_cat","embeddable":true,"href":"https:\/\/108giahoa.com\/index.php?rest_route=%2Fwp%2Fv2%2Fproduct_cat&post=31460"},{"taxonomy":"product_tag","embeddable":true,"href":"https:\/\/108giahoa.com\/index.php?rest_route=%2Fwp%2Fv2%2Fproduct_tag&post=31460"}],"curies":[{"name":"wp","href":"https:\/\/api.w.org\/{rel}","templated":true}]}}