{"id":31515,"date":"2026-03-24T03:47:34","date_gmt":"2026-03-24T03:47:34","guid":{"rendered":"https:\/\/108giahoa.com\/?post_type=product&#038;p=31515"},"modified":"2026-03-24T03:47:34","modified_gmt":"2026-03-24T03:47:34","slug":"ghe-nhan-vien","status":"publish","type":"product","link":"https:\/\/108giahoa.com\/?product=ghe-nhan-vien","title":{"rendered":"GH\u1ebe NH\u00c2N VI\u00caN"},"content":{"rendered":"<h3>K\u00edch th\u01b0\u1edbc v\u00e0 ch\u1ea5t li\u1ec7u<\/h3>\n<p><strong>Gh\u1ebf SG550<\/strong>\u00a0\u0111\u01b0\u1ee3c thi\u1ebft k\u1ebf v\u1edbi k\u00edch th\u01b0\u1edbc ti\u00eau chu\u1ea9n, \u0111\u1ea3m b\u1ea3o ph\u00f9 h\u1ee3p v\u1edbi h\u1ea7u h\u1ebft ng\u01b0\u1eddi d\u00f9ng. K\u00edch th\u01b0\u1edbc c\u1ee5 th\u1ec3 c\u1ee7a gh\u1ebf l\u00e0 W560 x D540 x H900\u00f71025 mm, v\u1edbi dung sai k\u00edch th\u01b0\u1edbc \u00b1 20(mm).<\/p>\n<p>Ch\u1ea5t li\u1ec7u \u0111\u01b0\u1ee3c s\u1eed d\u1ee5ng cho\u00a0<strong>gh\u1ebf SG550<\/strong>\u00a0l\u00e0 v\u1ea3i b\u1ecdc cao c\u1ea5p, \u0111em l\u1ea1i c\u1ea3m gi\u00e1c \u00eam \u00e1i v\u00e0 d\u1ec5 ch\u1ecbu cho ng\u01b0\u1eddi s\u1eed d\u1ee5ng. Ph\u1ea7n ch\u00e2n v\u00e0 tay gh\u1ebf \u0111\u01b0\u1ee3c l\u00e0m t\u1eeb nh\u1ef1a ch\u1eafc ch\u1eafn, \u0111\u1ea3m b\u1ea3o \u0111\u1ed9 b\u1ec1n v\u00e0 \u1ed5n \u0111\u1ecbnh khi s\u1eed d\u1ee5ng. Ch\u00ednh v\u00ec v\u1eady,\u00a0<strong>gh\u1ebf SG550<\/strong>\u00a0kh\u00f4ng ch\u1ec9 \u0111\u1eb9p m\u1eaft m\u00e0 c\u00f2n r\u1ea5t b\u1ec1n b\u1ec9 theo th\u1eddi gian.<\/p>\n","protected":false},"excerpt":{"rendered":"<p>K\u00edch th\u01b0\u1edbc v\u00e0 ch\u1ea5t li\u1ec7u Gh\u1ebf SG550\u00a0\u0111\u01b0\u1ee3c thi\u1ebft k\u1ebf v\u1edbi k\u00edch th\u01b0\u1edbc ti\u00eau chu\u1ea9n, \u0111\u1ea3m b\u1ea3o ph\u00f9 h\u1ee3p v\u1edbi h\u1ea7u<\/p>\n","protected":false},"featured_media":31516,"comment_status":"open","ping_status":"closed","template":"","meta":[],"product_brand":[185],"product_cat":[77],"product_tag":[],"class_list":{"0":"post-31515","1":"product","2":"type-product","3":"status-publish","4":"has-post-thumbnail","6":"product_brand-ghe-van-phong","7":"product_cat-noi-that-van-phong-truong-hoc","9":"first","10":"instock","11":"shipping-taxable","12":"product-type-simple"},"_links":{"self":[{"href":"https:\/\/108giahoa.com\/index.php?rest_route=\/wp\/v2\/product\/31515","targetHints":{"allow":["GET"]}}],"collection":[{"href":"https:\/\/108giahoa.com\/index.php?rest_route=\/wp\/v2\/product"}],"about":[{"href":"https:\/\/108giahoa.com\/index.php?rest_route=\/wp\/v2\/types\/product"}],"replies":[{"embeddable":true,"href":"https:\/\/108giahoa.com\/index.php?rest_route=%2Fwp%2Fv2%2Fcomments&post=31515"}],"version-history":[{"count":1,"href":"https:\/\/108giahoa.com\/index.php?rest_route=\/wp\/v2\/product\/31515\/revisions"}],"predecessor-version":[{"id":31517,"href":"https:\/\/108giahoa.com\/index.php?rest_route=\/wp\/v2\/product\/31515\/revisions\/31517"}],"wp:featuredmedia":[{"embeddable":true,"href":"https:\/\/108giahoa.com\/index.php?rest_route=\/wp\/v2\/media\/31516"}],"wp:attachment":[{"href":"https:\/\/108giahoa.com\/index.php?rest_route=%2Fwp%2Fv2%2Fmedia&parent=31515"}],"wp:term":[{"taxonomy":"product_brand","embeddable":true,"href":"https:\/\/108giahoa.com\/index.php?rest_route=%2Fwp%2Fv2%2Fproduct_brand&post=31515"},{"taxonomy":"product_cat","embeddable":true,"href":"https:\/\/108giahoa.com\/index.php?rest_route=%2Fwp%2Fv2%2Fproduct_cat&post=31515"},{"taxonomy":"product_tag","embeddable":true,"href":"https:\/\/108giahoa.com\/index.php?rest_route=%2Fwp%2Fv2%2Fproduct_tag&post=31515"}],"curies":[{"name":"wp","href":"https:\/\/api.w.org\/{rel}","templated":true}]}}