{"id":31521,"date":"2026-03-24T03:51:24","date_gmt":"2026-03-24T03:51:24","guid":{"rendered":"https:\/\/108giahoa.com\/?post_type=product&#038;p=31521"},"modified":"2026-03-24T03:51:24","modified_gmt":"2026-03-24T03:51:24","slug":"ghe-hop-cao-cap","status":"publish","type":"product","link":"https:\/\/108giahoa.com\/?product=ghe-hop-cao-cap","title":{"rendered":"GH\u1ebe H\u1eccP CAO C\u1ea4P"},"content":{"rendered":"<p>Gh\u1ebf h\u1ecdp cao c\u1ea5p khung s\u01a1n g\u1ed7 t\u1ef1 nhi\u00ean ch\u00e2n t\u0129nh.<\/p>\n<p>\u0110\u1ec7m t\u1ef1a m\u00fat x\u1ed1p b\u1ecdc da th\u1eadt ti\u1ebfp x\u00fac v\u1edbi ng\u01b0\u1eddi s\u1eed d\u1ee5ng ho\u1eb7c PVC.<\/p>\n<p>KT: W630 x D770 x H1010 mm<\/p>\n<p>Dung sai k\u00edch th\u01b0\u1edbc: \u00b1 20(mm)<\/p>\n<p>(L\u01b0u \u00fd: M\u00e0u s\u1eafc hi\u1ec3n th\u1ecb tr\u00ean website c\u00f3 th\u1ec3 kh\u00f4ng ch\u00ednh x\u00e1c do ch\u1ee5p \u1ea3nh, ho\u1eb7c m\u00f4 ph\u1ecfng b\u1eb1ng \u1ea3nh 3D.<\/p>\n","protected":false},"excerpt":{"rendered":"<p>Gh\u1ebf h\u1ecdp cao c\u1ea5p khung s\u01a1n g\u1ed7 t\u1ef1 nhi\u00ean ch\u00e2n t\u0129nh. \u0110\u1ec7m t\u1ef1a m\u00fat x\u1ed1p b\u1ecdc da th\u1eadt ti\u1ebfp x\u00fac<\/p>\n","protected":false},"featured_media":31522,"comment_status":"open","ping_status":"closed","template":"","meta":[],"product_brand":[185],"product_cat":[77],"product_tag":[],"class_list":{"0":"post-31521","1":"product","2":"type-product","3":"status-publish","4":"has-post-thumbnail","6":"product_brand-ghe-van-phong","7":"product_cat-noi-that-van-phong-truong-hoc","9":"first","10":"instock","11":"shipping-taxable","12":"product-type-simple"},"_links":{"self":[{"href":"https:\/\/108giahoa.com\/index.php?rest_route=\/wp\/v2\/product\/31521","targetHints":{"allow":["GET"]}}],"collection":[{"href":"https:\/\/108giahoa.com\/index.php?rest_route=\/wp\/v2\/product"}],"about":[{"href":"https:\/\/108giahoa.com\/index.php?rest_route=\/wp\/v2\/types\/product"}],"replies":[{"embeddable":true,"href":"https:\/\/108giahoa.com\/index.php?rest_route=%2Fwp%2Fv2%2Fcomments&post=31521"}],"version-history":[{"count":1,"href":"https:\/\/108giahoa.com\/index.php?rest_route=\/wp\/v2\/product\/31521\/revisions"}],"predecessor-version":[{"id":31523,"href":"https:\/\/108giahoa.com\/index.php?rest_route=\/wp\/v2\/product\/31521\/revisions\/31523"}],"wp:featuredmedia":[{"embeddable":true,"href":"https:\/\/108giahoa.com\/index.php?rest_route=\/wp\/v2\/media\/31522"}],"wp:attachment":[{"href":"https:\/\/108giahoa.com\/index.php?rest_route=%2Fwp%2Fv2%2Fmedia&parent=31521"}],"wp:term":[{"taxonomy":"product_brand","embeddable":true,"href":"https:\/\/108giahoa.com\/index.php?rest_route=%2Fwp%2Fv2%2Fproduct_brand&post=31521"},{"taxonomy":"product_cat","embeddable":true,"href":"https:\/\/108giahoa.com\/index.php?rest_route=%2Fwp%2Fv2%2Fproduct_cat&post=31521"},{"taxonomy":"product_tag","embeddable":true,"href":"https:\/\/108giahoa.com\/index.php?rest_route=%2Fwp%2Fv2%2Fproduct_tag&post=31521"}],"curies":[{"name":"wp","href":"https:\/\/api.w.org\/{rel}","templated":true}]}}