{"id":31597,"date":"2026-03-24T07:38:56","date_gmt":"2026-03-24T07:38:56","guid":{"rendered":"https:\/\/108giahoa.com\/?post_type=product&#038;p=31597"},"modified":"2026-03-24T07:38:57","modified_gmt":"2026-03-24T07:38:57","slug":"ghe-don-chan-tinh-gd01i","status":"publish","type":"product","link":"https:\/\/108giahoa.com\/?product=ghe-don-chan-tinh-gd01i","title":{"rendered":"Gh\u1ebf \u0111\u00f4n ch\u00e2n t\u0129nh GD01I"},"content":{"rendered":"<p>Gh\u1ebf \u0111\u00f4n ch\u00e2n t\u0129nh khung Inox, \u0111\u1ec7m gh\u1ebf b\u1eb1ng inox m\u1eb7t s\u1ea7n. M\u1eb7t gh\u1ebf \u0111\u01b0\u1eddng k\u00ednh 270mm<\/p>\n<p>K\u00edch th\u01b0\u1edbc: W380 x D380 x H455 mm<\/p>\n<p>Dung sai k\u00edch th\u01b0\u1edbc: \u00b1 5 mm<\/p>\n<p>&nbsp;<\/p>\n","protected":false},"excerpt":{"rendered":"<p>Gh\u1ebf \u0111\u00f4n ch\u00e2n t\u0129nh khung Inox, \u0111\u1ec7m gh\u1ebf b\u1eb1ng inox m\u1eb7t s\u1ea7n. M\u1eb7t gh\u1ebf \u0111\u01b0\u1eddng k\u00ednh 270mm K\u00edch th\u01b0\u1edbc: W380<\/p>\n","protected":false},"featured_media":31598,"comment_status":"open","ping_status":"closed","template":"","meta":[],"product_brand":[185],"product_cat":[77],"product_tag":[],"class_list":{"0":"post-31597","1":"product","2":"type-product","3":"status-publish","4":"has-post-thumbnail","6":"product_brand-ghe-van-phong","7":"product_cat-noi-that-van-phong-truong-hoc","9":"first","10":"instock","11":"shipping-taxable","12":"product-type-simple"},"_links":{"self":[{"href":"https:\/\/108giahoa.com\/index.php?rest_route=\/wp\/v2\/product\/31597","targetHints":{"allow":["GET"]}}],"collection":[{"href":"https:\/\/108giahoa.com\/index.php?rest_route=\/wp\/v2\/product"}],"about":[{"href":"https:\/\/108giahoa.com\/index.php?rest_route=\/wp\/v2\/types\/product"}],"replies":[{"embeddable":true,"href":"https:\/\/108giahoa.com\/index.php?rest_route=%2Fwp%2Fv2%2Fcomments&post=31597"}],"version-history":[{"count":1,"href":"https:\/\/108giahoa.com\/index.php?rest_route=\/wp\/v2\/product\/31597\/revisions"}],"predecessor-version":[{"id":31599,"href":"https:\/\/108giahoa.com\/index.php?rest_route=\/wp\/v2\/product\/31597\/revisions\/31599"}],"wp:featuredmedia":[{"embeddable":true,"href":"https:\/\/108giahoa.com\/index.php?rest_route=\/wp\/v2\/media\/31598"}],"wp:attachment":[{"href":"https:\/\/108giahoa.com\/index.php?rest_route=%2Fwp%2Fv2%2Fmedia&parent=31597"}],"wp:term":[{"taxonomy":"product_brand","embeddable":true,"href":"https:\/\/108giahoa.com\/index.php?rest_route=%2Fwp%2Fv2%2Fproduct_brand&post=31597"},{"taxonomy":"product_cat","embeddable":true,"href":"https:\/\/108giahoa.com\/index.php?rest_route=%2Fwp%2Fv2%2Fproduct_cat&post=31597"},{"taxonomy":"product_tag","embeddable":true,"href":"https:\/\/108giahoa.com\/index.php?rest_route=%2Fwp%2Fv2%2Fproduct_tag&post=31597"}],"curies":[{"name":"wp","href":"https:\/\/api.w.org\/{rel}","templated":true}]}}