{"id":31619,"date":"2026-03-24T07:57:20","date_gmt":"2026-03-24T07:57:20","guid":{"rendered":"https:\/\/108giahoa.com\/?post_type=product&#038;p=31619"},"modified":"2026-03-24T07:57:21","modified_gmt":"2026-03-24T07:57:21","slug":"ban-hoi-truong-khung-thep","status":"publish","type":"product","link":"https:\/\/108giahoa.com\/?product=ban-hoi-truong-khung-thep","title":{"rendered":"B\u00e0n h\u1ed9i tr\u01b0\u1eddng khung th\u00e9p"},"content":{"rendered":"<p>B\u00e0n h\u1ed9i tr\u01b0\u1eddng khung th\u00e9p s\u01a1n t\u0129nh \u0111i\u1ec7n c\u00f3 b\u00e1nh xe, m\u1eb7t b\u1eb1ng g\u1ed7 Melamine m\u00e0u v\u00e0ng.<\/p>\n<p>B\u00e0n c\u00f3 ng\u0103n v\u00e0 y\u1ebfm l\u1eedng ph\u00eda tr\u01b0\u1edbc.<\/p>\n<p>K\u00edch th\u01b0\u1edbc:<\/p>\n<ul>\n<li>EBX412: W1200 x D400 x H750 mm<\/li>\n<li>EBX414: W1400 x D400 x H750 mm<\/li>\n<\/ul>\n<p>Dung sai k\u00edch th\u01b0\u1edbc: \u00b1 5 mm<\/p>\n<p><img loading=\"lazy\" decoding=\"async\" class=\"alignnone size-medium wp-image-31620\" src=\"http:\/\/108giahoa.com\/wp-content\/uploads\/2026\/03\/z7652923381493_a85d807d61f79907df03b18fa1a39aff-300x300.jpg\" alt=\"\" width=\"300\" height=\"300\" srcset=\"https:\/\/108giahoa.com\/wp-content\/uploads\/2026\/03\/z7652923381493_a85d807d61f79907df03b18fa1a39aff-300x300.jpg 300w, https:\/\/108giahoa.com\/wp-content\/uploads\/2026\/03\/z7652923381493_a85d807d61f79907df03b18fa1a39aff-150x150.jpg 150w, https:\/\/108giahoa.com\/wp-content\/uploads\/2026\/03\/z7652923381493_a85d807d61f79907df03b18fa1a39aff-430x430.jpg 430w, https:\/\/108giahoa.com\/wp-content\/uploads\/2026\/03\/z7652923381493_a85d807d61f79907df03b18fa1a39aff.jpg 500w\" sizes=\"auto, (max-width: 300px) 100vw, 300px\" \/><img loading=\"lazy\" decoding=\"async\" class=\"alignnone size-medium wp-image-31621\" src=\"http:\/\/108giahoa.com\/wp-content\/uploads\/2026\/03\/z7652923381652_79b04ea07c4ec27142c0986117835ed2-300x300.jpg\" alt=\"\" width=\"300\" height=\"300\" srcset=\"https:\/\/108giahoa.com\/wp-content\/uploads\/2026\/03\/z7652923381652_79b04ea07c4ec27142c0986117835ed2-300x300.jpg 300w, https:\/\/108giahoa.com\/wp-content\/uploads\/2026\/03\/z7652923381652_79b04ea07c4ec27142c0986117835ed2-150x150.jpg 150w, https:\/\/108giahoa.com\/wp-content\/uploads\/2026\/03\/z7652923381652_79b04ea07c4ec27142c0986117835ed2-768x768.jpg 768w, https:\/\/108giahoa.com\/wp-content\/uploads\/2026\/03\/z7652923381652_79b04ea07c4ec27142c0986117835ed2-430x430.jpg 430w, https:\/\/108giahoa.com\/wp-content\/uploads\/2026\/03\/z7652923381652_79b04ea07c4ec27142c0986117835ed2-700x700.jpg 700w, https:\/\/108giahoa.com\/wp-content\/uploads\/2026\/03\/z7652923381652_79b04ea07c4ec27142c0986117835ed2.jpg 800w\" sizes=\"auto, (max-width: 300px) 100vw, 300px\" \/><\/p>\n","protected":false},"excerpt":{"rendered":"<p>B\u00e0n h\u1ed9i tr\u01b0\u1eddng khung th\u00e9p s\u01a1n t\u0129nh \u0111i\u1ec7n c\u00f3 b\u00e1nh xe, m\u1eb7t b\u1eb1ng g\u1ed7 Melamine m\u00e0u v\u00e0ng. B\u00e0n c\u00f3 ng\u0103n<\/p>\n","protected":false},"featured_media":31621,"comment_status":"open","ping_status":"closed","template":"","meta":[],"product_brand":[135,134],"product_cat":[77],"product_tag":[],"class_list":{"0":"post-31619","1":"product","2":"type-product","3":"status-publish","4":"has-post-thumbnail","6":"product_brand-ban-ghe-hoi-truong","7":"product_brand-ban-ghe-phong-hoc","8":"product_cat-noi-that-van-phong-truong-hoc","10":"first","11":"instock","12":"shipping-taxable","13":"product-type-simple"},"_links":{"self":[{"href":"https:\/\/108giahoa.com\/index.php?rest_route=\/wp\/v2\/product\/31619","targetHints":{"allow":["GET"]}}],"collection":[{"href":"https:\/\/108giahoa.com\/index.php?rest_route=\/wp\/v2\/product"}],"about":[{"href":"https:\/\/108giahoa.com\/index.php?rest_route=\/wp\/v2\/types\/product"}],"replies":[{"embeddable":true,"href":"https:\/\/108giahoa.com\/index.php?rest_route=%2Fwp%2Fv2%2Fcomments&post=31619"}],"version-history":[{"count":1,"href":"https:\/\/108giahoa.com\/index.php?rest_route=\/wp\/v2\/product\/31619\/revisions"}],"predecessor-version":[{"id":31622,"href":"https:\/\/108giahoa.com\/index.php?rest_route=\/wp\/v2\/product\/31619\/revisions\/31622"}],"wp:featuredmedia":[{"embeddable":true,"href":"https:\/\/108giahoa.com\/index.php?rest_route=\/wp\/v2\/media\/31621"}],"wp:attachment":[{"href":"https:\/\/108giahoa.com\/index.php?rest_route=%2Fwp%2Fv2%2Fmedia&parent=31619"}],"wp:term":[{"taxonomy":"product_brand","embeddable":true,"href":"https:\/\/108giahoa.com\/index.php?rest_route=%2Fwp%2Fv2%2Fproduct_brand&post=31619"},{"taxonomy":"product_cat","embeddable":true,"href":"https:\/\/108giahoa.com\/index.php?rest_route=%2Fwp%2Fv2%2Fproduct_cat&post=31619"},{"taxonomy":"product_tag","embeddable":true,"href":"https:\/\/108giahoa.com\/index.php?rest_route=%2Fwp%2Fv2%2Fproduct_tag&post=31619"}],"curies":[{"name":"wp","href":"https:\/\/api.w.org\/{rel}","templated":true}]}}