{"id":31641,"date":"2026-03-24T08:13:40","date_gmt":"2026-03-24T08:13:40","guid":{"rendered":"https:\/\/108giahoa.com\/?post_type=product&#038;p=31641"},"modified":"2026-03-24T08:13:41","modified_gmt":"2026-03-24T08:13:41","slug":"ghe-hoi-truong-cao-cap","status":"publish","type":"product","link":"https:\/\/108giahoa.com\/?product=ghe-hoi-truong-cao-cap","title":{"rendered":"GH\u1ebe H\u1ed8I TR\u01af\u1edcNG CAO C\u1ea4P"},"content":{"rendered":"<p>Gh\u1ebf h\u1ed9i tr\u01b0\u1eddng cao c\u1ea5p khung th\u00e9p, \u0111\u1ec7m t\u1ef1a gh\u1ebf b\u1eb1ng m\u00fat \u0111\u00fac b\u1ecdc v\u1ea3i, s\u1eed d\u1ee5ng \u1ed1p \u0111\u1ec7m t\u1ef1a nh\u1ef1a.<\/p>\n<p>KT: W660 x D740\u00f7860 x H1000 mm.<\/p>\n","protected":false},"excerpt":{"rendered":"<p>Gh\u1ebf h\u1ed9i tr\u01b0\u1eddng cao c\u1ea5p khung th\u00e9p, \u0111\u1ec7m t\u1ef1a gh\u1ebf b\u1eb1ng m\u00fat \u0111\u00fac b\u1ecdc v\u1ea3i, s\u1eed d\u1ee5ng \u1ed1p \u0111\u1ec7m t\u1ef1a<\/p>\n","protected":false},"featured_media":31642,"comment_status":"open","ping_status":"closed","template":"","meta":[],"product_brand":[135,170],"product_cat":[77],"product_tag":[],"class_list":{"0":"post-31641","1":"product","2":"type-product","3":"status-publish","4":"has-post-thumbnail","6":"product_brand-ban-ghe-hoi-truong","7":"product_brand-ban-ghe-phong-hop","8":"product_cat-noi-that-van-phong-truong-hoc","10":"first","11":"instock","12":"shipping-taxable","13":"product-type-simple"},"_links":{"self":[{"href":"https:\/\/108giahoa.com\/index.php?rest_route=\/wp\/v2\/product\/31641","targetHints":{"allow":["GET"]}}],"collection":[{"href":"https:\/\/108giahoa.com\/index.php?rest_route=\/wp\/v2\/product"}],"about":[{"href":"https:\/\/108giahoa.com\/index.php?rest_route=\/wp\/v2\/types\/product"}],"replies":[{"embeddable":true,"href":"https:\/\/108giahoa.com\/index.php?rest_route=%2Fwp%2Fv2%2Fcomments&post=31641"}],"version-history":[{"count":1,"href":"https:\/\/108giahoa.com\/index.php?rest_route=\/wp\/v2\/product\/31641\/revisions"}],"predecessor-version":[{"id":31643,"href":"https:\/\/108giahoa.com\/index.php?rest_route=\/wp\/v2\/product\/31641\/revisions\/31643"}],"wp:featuredmedia":[{"embeddable":true,"href":"https:\/\/108giahoa.com\/index.php?rest_route=\/wp\/v2\/media\/31642"}],"wp:attachment":[{"href":"https:\/\/108giahoa.com\/index.php?rest_route=%2Fwp%2Fv2%2Fmedia&parent=31641"}],"wp:term":[{"taxonomy":"product_brand","embeddable":true,"href":"https:\/\/108giahoa.com\/index.php?rest_route=%2Fwp%2Fv2%2Fproduct_brand&post=31641"},{"taxonomy":"product_cat","embeddable":true,"href":"https:\/\/108giahoa.com\/index.php?rest_route=%2Fwp%2Fv2%2Fproduct_cat&post=31641"},{"taxonomy":"product_tag","embeddable":true,"href":"https:\/\/108giahoa.com\/index.php?rest_route=%2Fwp%2Fv2%2Fproduct_tag&post=31641"}],"curies":[{"name":"wp","href":"https:\/\/api.w.org\/{rel}","templated":true}]}}