{"id":31670,"date":"2026-03-24T09:49:52","date_gmt":"2026-03-24T09:49:52","guid":{"rendered":"https:\/\/108giahoa.com\/?post_type=product&#038;p=31670"},"modified":"2026-03-24T09:49:53","modified_gmt":"2026-03-24T09:49:53","slug":"tu-de-do-hoc-sinh-12-canh","status":"publish","type":"product","link":"https:\/\/108giahoa.com\/?product=tu-de-do-hoc-sinh-12-canh","title":{"rendered":"T\u1ee6 \u0110\u1ec2 \u0110\u1ed2 H\u1eccC SINH 12 C\u00c1NH"},"content":{"rendered":"<p>T\u1ee7 s\u1eaft s\u01a1n t\u0129nh \u0111i\u1ec7n c\u00f3 12 c\u00e1nh m\u1edf ph\u00eda tr\u00ean, ph\u00eda d\u01b0\u1edbi c\u00f3 ng\u0103n tr\u1ed1ng \u0111\u1ec3 gi\u00e0y d\u00e9p<\/p>\n<p>M\u1ed7i c\u00e1nh c\u00f3 1 n\u0103m ch\u00e2m t\u1eeb (kh\u00f4ng c\u00f3 kh\u00f3a v\u00e0 tay n\u1eafm)<\/p>\n<p>K\u00edch th\u01b0\u1edbc ph\u00f9 h\u1ee3p cho h\u1ecdc sinh m\u1eabu gi\u00e1o, ti\u1ec3u h\u1ecdc<\/p>\n<p>KT: W1807 x D350 x H1132 mm<\/p>\n<p>Dung sai k\u00edch th\u01b0\u1edbc: \u00b1 3 mm<\/p>\n","protected":false},"excerpt":{"rendered":"<p>T\u1ee7 s\u1eaft s\u01a1n t\u0129nh \u0111i\u1ec7n c\u00f3 12 c\u00e1nh m\u1edf ph\u00eda tr\u00ean, ph\u00eda d\u01b0\u1edbi c\u00f3 ng\u0103n tr\u1ed1ng \u0111\u1ec3 gi\u00e0y d\u00e9p M\u1ed7i<\/p>\n","protected":false},"featured_media":31671,"comment_status":"open","ping_status":"closed","template":"","meta":[],"product_brand":[172],"product_cat":[77],"product_tag":[],"class_list":{"0":"post-31670","1":"product","2":"type-product","3":"status-publish","4":"has-post-thumbnail","6":"product_brand-tu-cac-loai","7":"product_cat-noi-that-van-phong-truong-hoc","9":"first","10":"instock","11":"shipping-taxable","12":"product-type-simple"},"_links":{"self":[{"href":"https:\/\/108giahoa.com\/index.php?rest_route=\/wp\/v2\/product\/31670","targetHints":{"allow":["GET"]}}],"collection":[{"href":"https:\/\/108giahoa.com\/index.php?rest_route=\/wp\/v2\/product"}],"about":[{"href":"https:\/\/108giahoa.com\/index.php?rest_route=\/wp\/v2\/types\/product"}],"replies":[{"embeddable":true,"href":"https:\/\/108giahoa.com\/index.php?rest_route=%2Fwp%2Fv2%2Fcomments&post=31670"}],"version-history":[{"count":1,"href":"https:\/\/108giahoa.com\/index.php?rest_route=\/wp\/v2\/product\/31670\/revisions"}],"predecessor-version":[{"id":31672,"href":"https:\/\/108giahoa.com\/index.php?rest_route=\/wp\/v2\/product\/31670\/revisions\/31672"}],"wp:featuredmedia":[{"embeddable":true,"href":"https:\/\/108giahoa.com\/index.php?rest_route=\/wp\/v2\/media\/31671"}],"wp:attachment":[{"href":"https:\/\/108giahoa.com\/index.php?rest_route=%2Fwp%2Fv2%2Fmedia&parent=31670"}],"wp:term":[{"taxonomy":"product_brand","embeddable":true,"href":"https:\/\/108giahoa.com\/index.php?rest_route=%2Fwp%2Fv2%2Fproduct_brand&post=31670"},{"taxonomy":"product_cat","embeddable":true,"href":"https:\/\/108giahoa.com\/index.php?rest_route=%2Fwp%2Fv2%2Fproduct_cat&post=31670"},{"taxonomy":"product_tag","embeddable":true,"href":"https:\/\/108giahoa.com\/index.php?rest_route=%2Fwp%2Fv2%2Fproduct_tag&post=31670"}],"curies":[{"name":"wp","href":"https:\/\/api.w.org\/{rel}","templated":true}]}}