{"id":31781,"date":"2026-03-25T07:07:16","date_gmt":"2026-03-25T07:07:16","guid":{"rendered":"https:\/\/108giahoa.com\/?post_type=product&#038;p=31781"},"modified":"2026-03-25T07:07:16","modified_gmt":"2026-03-25T07:07:16","slug":"con-vat-nhun-lo-xo-hinh-con-ong","status":"publish","type":"product","link":"https:\/\/108giahoa.com\/?product=con-vat-nhun-lo-xo-hinh-con-ong","title":{"rendered":"Con V\u1eadt Nh\u00fan L\u00f2 Xo H\u00ecnh Con Ong"},"content":{"rendered":"","protected":false},"excerpt":{"rendered":"","protected":false},"featured_media":31782,"comment_status":"open","ping_status":"closed","template":"","meta":[],"product_brand":[190],"product_cat":[76],"product_tag":[],"class_list":{"0":"post-31781","1":"product","2":"type-product","3":"status-publish","4":"has-post-thumbnail","6":"product_brand-thu-nhun","7":"product_cat-do-choi-ngoai-troi","9":"first","10":"instock","11":"shipping-taxable","12":"product-type-simple"},"_links":{"self":[{"href":"https:\/\/108giahoa.com\/index.php?rest_route=\/wp\/v2\/product\/31781","targetHints":{"allow":["GET"]}}],"collection":[{"href":"https:\/\/108giahoa.com\/index.php?rest_route=\/wp\/v2\/product"}],"about":[{"href":"https:\/\/108giahoa.com\/index.php?rest_route=\/wp\/v2\/types\/product"}],"replies":[{"embeddable":true,"href":"https:\/\/108giahoa.com\/index.php?rest_route=%2Fwp%2Fv2%2Fcomments&post=31781"}],"version-history":[{"count":1,"href":"https:\/\/108giahoa.com\/index.php?rest_route=\/wp\/v2\/product\/31781\/revisions"}],"predecessor-version":[{"id":31783,"href":"https:\/\/108giahoa.com\/index.php?rest_route=\/wp\/v2\/product\/31781\/revisions\/31783"}],"wp:featuredmedia":[{"embeddable":true,"href":"https:\/\/108giahoa.com\/index.php?rest_route=\/wp\/v2\/media\/31782"}],"wp:attachment":[{"href":"https:\/\/108giahoa.com\/index.php?rest_route=%2Fwp%2Fv2%2Fmedia&parent=31781"}],"wp:term":[{"taxonomy":"product_brand","embeddable":true,"href":"https:\/\/108giahoa.com\/index.php?rest_route=%2Fwp%2Fv2%2Fproduct_brand&post=31781"},{"taxonomy":"product_cat","embeddable":true,"href":"https:\/\/108giahoa.com\/index.php?rest_route=%2Fwp%2Fv2%2Fproduct_cat&post=31781"},{"taxonomy":"product_tag","embeddable":true,"href":"https:\/\/108giahoa.com\/index.php?rest_route=%2Fwp%2Fv2%2Fproduct_tag&post=31781"}],"curies":[{"name":"wp","href":"https:\/\/api.w.org\/{rel}","templated":true}]}}