{"id":31860,"date":"2026-03-26T00:41:07","date_gmt":"2026-03-26T00:41:07","guid":{"rendered":"https:\/\/108giahoa.com\/?post_type=product&#038;p=31860"},"modified":"2026-03-26T00:41:08","modified_gmt":"2026-03-26T00:41:08","slug":"camera-ip-360-do-5mp-kbvision-kx-a5w","status":"publish","type":"product","link":"https:\/\/108giahoa.com\/?product=camera-ip-360-do-5mp-kbvision-kx-a5w","title":{"rendered":"Camera IP 360 \u0111\u1ed9 5MP KBVision KX-A5W"},"content":{"rendered":"<table class=\"technical-content\">\n<tbody>\n<tr class=\"technical-content-item\">\n<td>D\u00f2ng camera<\/td>\n<td>Camera trong nh\u00e0<\/td>\n<\/tr>\n<tr class=\"technical-content-item\">\n<td>\u0110\u1ed9 ph\u00e2n gi\u1ea3i<\/td>\n<td>5MP (2880 x 1620 px)<\/td>\n<\/tr>\n<tr class=\"technical-content-item\">\n<td>G\u00f3c xoay<\/td>\n<td>Quay qu\u00e9t: 0\u00b0 \u0111\u1ebfn 355\u00b0 (ngang)<br \/>\nD\u1ecdc: \u20135\u00b0 \u0111\u1ebfn 80\u00b0 (d\u1ecdc)<\/td>\n<\/tr>\n<tr class=\"technical-content-item\">\n<td>T\u1ea7m nh\u00ecn<\/td>\n<td>T\u1ea7m xa h\u1ed3ng ngo\u1ea1i 10m<\/td>\n<\/tr>\n<tr class=\"technical-content-item\">\n<td>K\u1ebft n\u1ed1i<\/td>\n<td>WiFi<br \/>\nC\u1ed5ng LAN<br \/>\nBluetooth<\/td>\n<\/tr>\n<tr class=\"technical-content-item\">\n<td>T\u00ednh n\u0103ng<\/td>\n<td>H\u1ed7 tr\u1ee3 \u0111\u00e0m tho\u1ea1i hai chi\u1ec1u<br \/>\nPh\u00e1t hi\u1ec7n con ng\u01b0\u1eddi AI<br \/>\nPh\u00e1t hi\u1ec7n th\u00fa c\u01b0ng<br \/>\nPh\u00e1t hi\u1ec7n \u00e2m thanh b\u1ea5t th\u01b0\u1eddng<br \/>\nCh\u1ee9c n\u0103ng Auto Tracking, theo d\u00f5i \u0111\u1ed1i t\u01b0\u1ee3ng<br \/>\nThi\u1ebft l\u1eadp \u0111i\u1ec3m y\u00eau th\u00edch (Preset Patrol)<br \/>\nT\u00ednh n\u0103ng Privacy mode<br \/>\nG\u1eedi c\u1ea3nh b\u00e1o v\u1ec1 \u0111i\u1ec7n tho\u1ea1i<\/td>\n<\/tr>\n<tr class=\"technical-content-item\">\n<td>H\u00e3ng s\u1ea3n xu\u1ea5t<\/td>\n<td>KBVISION<\/td>\n<\/tr>\n<\/tbody>\n<\/table>\n","protected":false},"excerpt":{"rendered":"<p>D\u00f2ng camera Camera trong nh\u00e0 \u0110\u1ed9 ph\u00e2n gi\u1ea3i 5MP (2880 x 1620 px) G\u00f3c xoay Quay qu\u00e9t: 0\u00b0 \u0111\u1ebfn 355\u00b0<\/p>\n","protected":false},"featured_media":31861,"comment_status":"open","ping_status":"closed","template":"","meta":[],"product_brand":[176],"product_cat":[92],"product_tag":[],"class_list":{"0":"post-31860","1":"product","2":"type-product","3":"status-publish","4":"has-post-thumbnail","6":"product_brand-kbvision","7":"product_cat-camera-quan-sat","9":"first","10":"instock","11":"shipping-taxable","12":"product-type-simple"},"_links":{"self":[{"href":"https:\/\/108giahoa.com\/index.php?rest_route=\/wp\/v2\/product\/31860","targetHints":{"allow":["GET"]}}],"collection":[{"href":"https:\/\/108giahoa.com\/index.php?rest_route=\/wp\/v2\/product"}],"about":[{"href":"https:\/\/108giahoa.com\/index.php?rest_route=\/wp\/v2\/types\/product"}],"replies":[{"embeddable":true,"href":"https:\/\/108giahoa.com\/index.php?rest_route=%2Fwp%2Fv2%2Fcomments&post=31860"}],"version-history":[{"count":1,"href":"https:\/\/108giahoa.com\/index.php?rest_route=\/wp\/v2\/product\/31860\/revisions"}],"predecessor-version":[{"id":31862,"href":"https:\/\/108giahoa.com\/index.php?rest_route=\/wp\/v2\/product\/31860\/revisions\/31862"}],"wp:featuredmedia":[{"embeddable":true,"href":"https:\/\/108giahoa.com\/index.php?rest_route=\/wp\/v2\/media\/31861"}],"wp:attachment":[{"href":"https:\/\/108giahoa.com\/index.php?rest_route=%2Fwp%2Fv2%2Fmedia&parent=31860"}],"wp:term":[{"taxonomy":"product_brand","embeddable":true,"href":"https:\/\/108giahoa.com\/index.php?rest_route=%2Fwp%2Fv2%2Fproduct_brand&post=31860"},{"taxonomy":"product_cat","embeddable":true,"href":"https:\/\/108giahoa.com\/index.php?rest_route=%2Fwp%2Fv2%2Fproduct_cat&post=31860"},{"taxonomy":"product_tag","embeddable":true,"href":"https:\/\/108giahoa.com\/index.php?rest_route=%2Fwp%2Fv2%2Fproduct_tag&post=31860"}],"curies":[{"name":"wp","href":"https:\/\/api.w.org\/{rel}","templated":true}]}}