{"id":32281,"date":"2026-03-30T08:39:09","date_gmt":"2026-03-30T08:39:09","guid":{"rendered":"https:\/\/108giahoa.com\/?post_type=product&#038;p=32281"},"modified":"2026-03-30T08:39:10","modified_gmt":"2026-03-30T08:39:10","slug":"micro-khong-day-arvox-rc-5060","status":"publish","type":"product","link":"https:\/\/108giahoa.com\/?product=micro-khong-day-arvox-rc-5060","title":{"rendered":"Micro kh\u00f4ng d\u00e2y Arvox RC-5060"},"content":{"rendered":"<p>Th\u00f4ng s\u1ed1 k\u1ef9 thu\u1eadt c\u1ee7a b\u1ed9 thu kh\u00f4ng d\u00e2y<br \/>\nD\u1ea3i t\u1ea7n s\u1ed1: 640MHz-690MHz<\/p>\n<p>D\u00e3y t\u1ea7n s\u1ed1 m\u1edf r\u1ed9ng:\u00a0610MHz-690MHz<br \/>\nNh\u00f3m k\u00eanh :2 k\u00eanh<\/p>\n<p>\u0110i\u1ec3m t\u1ea7n s\u1ed1 c\u00f3 th\u1ec3 \u0111i\u1ec1u ch\u1ec9nh: 200 \u0111i\u1ec3m t\u1ea7n s\u1ed1<br \/>\nM\u00e0n h\u00ecnh hi\u1ec3n th\u1ecb :LCD<br \/>\n\u1ed4n \u0111\u1ecbnh t\u1ea7n s\u1ed1 : \u00b110ppm<br \/>\n\u0110\u1ed9 nh\u1ea1y:\u00a0 S\/N&gt;103dB (1KHz-A)<br \/>\nB\u0103ng th\u00f4ng: 50 MHz<br \/>\n\u0110\u1ed9 m\u00e9o (T.H.D.) : &lt;0.3%@1KHz<br \/>\n\u0110\u00e1p \u1ee9ng t\u1ea7n s\u1ed1:\u00a0 40Hz-18KHz\u00b13dB<br \/>\nNgu\u1ed3n \u0111i\u1ec7n:\u00a0 DC12V 500mA<\/p>\n<p>\u0110\u1ea7u n\u1ed1i \u0111\u1ea7u ra:\u00a0 XLR c\u00e2n b\u1eb1ng v\u00e0 6,3mm kh\u00f4ng c\u00e2n b\u1eb1ng<br \/>\nPh\u1ea1m vi ho\u1ea1t \u0111\u1ed9ng : 100m<br \/>\nTh\u00f4ng s\u1ed1 k\u1ef9 thu\u1eadt m\u00edc ph\u00e1t c\u1ea7m tay<br \/>\nD\u1ea3i t\u1ea7n s\u1ed1: 640MHz-689.75MHz<br \/>\nM\u00e0n h\u00ecnh LCD<br \/>\n\u1ed4n \u0111\u1ecbnh t\u1ea7n s\u1ed1 :\u00b110ppm<br \/>\nB\u1ee9c x\u1ea1 h\u00e0i h\u00f2a: -65dBm<br \/>\nB\u0103ng th\u00f4ng : 50MHz<br \/>\n\u0110\u1ed9 l\u1ec7ch t\u1ed1i \u0111a: +45KHz<br \/>\n\u0110\u1ea7u ra ngu\u1ed3n RF: 3-30mW<br \/>\nPin: AAx2<br \/>\nM\u1ee9c ti\u00eau th\u1ee5 hi\u1ec7n t\u1ea1i: 120mA\/3<br \/>\nTh\u1eddi gian ho\u1ea1t \u0111\u1ed9ng li\u00ean t\u1ee5c: &gt; 8 gi\u1edd<\/p>\n","protected":false},"excerpt":{"rendered":"<p>Th\u00f4ng s\u1ed1 k\u1ef9 thu\u1eadt c\u1ee7a b\u1ed9 thu kh\u00f4ng d\u00e2y D\u1ea3i t\u1ea7n s\u1ed1: 640MHz-690MHz D\u00e3y t\u1ea7n s\u1ed1 m\u1edf r\u1ed9ng:\u00a0610MHz-690MHz Nh\u00f3m k\u00eanh<\/p>\n","protected":false},"featured_media":32282,"comment_status":"open","ping_status":"closed","template":"","meta":[],"product_brand":[160],"product_cat":[90],"product_tag":[],"class_list":{"0":"post-32281","1":"product","2":"type-product","3":"status-publish","4":"has-post-thumbnail","6":"product_brand-micro","7":"product_cat-thiet-bi-am-thanh","9":"first","10":"instock","11":"shipping-taxable","12":"product-type-simple"},"_links":{"self":[{"href":"https:\/\/108giahoa.com\/index.php?rest_route=\/wp\/v2\/product\/32281","targetHints":{"allow":["GET"]}}],"collection":[{"href":"https:\/\/108giahoa.com\/index.php?rest_route=\/wp\/v2\/product"}],"about":[{"href":"https:\/\/108giahoa.com\/index.php?rest_route=\/wp\/v2\/types\/product"}],"replies":[{"embeddable":true,"href":"https:\/\/108giahoa.com\/index.php?rest_route=%2Fwp%2Fv2%2Fcomments&post=32281"}],"version-history":[{"count":1,"href":"https:\/\/108giahoa.com\/index.php?rest_route=\/wp\/v2\/product\/32281\/revisions"}],"predecessor-version":[{"id":32283,"href":"https:\/\/108giahoa.com\/index.php?rest_route=\/wp\/v2\/product\/32281\/revisions\/32283"}],"wp:featuredmedia":[{"embeddable":true,"href":"https:\/\/108giahoa.com\/index.php?rest_route=\/wp\/v2\/media\/32282"}],"wp:attachment":[{"href":"https:\/\/108giahoa.com\/index.php?rest_route=%2Fwp%2Fv2%2Fmedia&parent=32281"}],"wp:term":[{"taxonomy":"product_brand","embeddable":true,"href":"https:\/\/108giahoa.com\/index.php?rest_route=%2Fwp%2Fv2%2Fproduct_brand&post=32281"},{"taxonomy":"product_cat","embeddable":true,"href":"https:\/\/108giahoa.com\/index.php?rest_route=%2Fwp%2Fv2%2Fproduct_cat&post=32281"},{"taxonomy":"product_tag","embeddable":true,"href":"https:\/\/108giahoa.com\/index.php?rest_route=%2Fwp%2Fv2%2Fproduct_tag&post=32281"}],"curies":[{"name":"wp","href":"https:\/\/api.w.org\/{rel}","templated":true}]}}