{"id":32505,"date":"2026-04-02T08:22:44","date_gmt":"2026-04-02T08:22:44","guid":{"rendered":"https:\/\/108giahoa.com\/?post_type=product&#038;p=32505"},"modified":"2026-04-02T08:22:44","modified_gmt":"2026-04-02T08:22:44","slug":"tang-am-so-lien-mixer-480w-toa-a-3248d-as","status":"publish","type":"product","link":"https:\/\/108giahoa.com\/?product=tang-am-so-lien-mixer-480w-toa-a-3248d-as","title":{"rendered":"T\u0103ng \u00e2m s\u1ed1 li\u1ec1n Mixer 480W: TOA A-3248D-AS"},"content":{"rendered":"<p><a title=\"A-3248D-AS\" href=\"https:\/\/toavietnam.net\/287-tang-am-so-lien-mixer-480w-toa-a-3248d-as.html\" target=\"_blank\" rel=\"noopener\"><strong>A-3248D-AS<\/strong><\/a>\u00a0l\u00e0 t\u0103ng \u00e2m s\u1ed1 li\u1ec1n mixer\u00a0\u0111\u1ea1t \u0111\u01b0\u1ee3c hi\u1ec7u su\u1ea5t cao v\u00e0 chi ph\u00ed h\u1ee3p l\u00fd ph\u00f9 h\u1ee3p cho vi\u1ec7c ph\u00e1t thanh, th\u00f4ng b\u00e1o, hay nh\u1ea1c n\u1ec1n t\u1ea1i c\u00e1c tr\u01b0\u1eddng h\u1ecdc, v\u0103n ph\u00f2ng, c\u1eeda h\u00e0ng, nh\u00e0 th\u1edd v\u00e0 ph\u00f2ng khi\u00eau v\u0169 l\u1edbn.<\/p>\n<p><em><strong>Th\u00f4ng s\u1ed1 k\u1ef9 thu\u1eadt:<\/strong><\/em><\/p>\n<table>\n<tbody>\n<tr class=\"firstRow\">\n<th>Ngu\u1ed3n \u0111i\u1ec7n<\/th>\n<td>100 &#8211; 240 V AC, 50\/60Hz<\/td>\n<\/tr>\n<tr>\n<th>C\u00f4ng su\u1ea5t ra<\/th>\n<td>480 W<\/td>\n<\/tr>\n<tr>\n<th>C\u00f4ng su\u1ea5t ti\u00eau th\u1ee5<\/th>\n<td>99 W (ho\u1ea1t \u0111\u1ed9ng v\u1edbi ngu\u1ed3n AC v\u00e0 1\/8 c\u00f4ng su\u1ea5t ra)<\/td>\n<\/tr>\n<tr>\n<th>\u0110\u00e1p tuy\u1ebfn t\u1ea7n s\u1ed1<\/th>\n<td>50 &#8211; 20,000 Hz<\/td>\n<\/tr>\n<tr>\n<th>Ng\u00f5 v\u00e0o<\/th>\n<td>MIC 1: 1 mV (-60 dB*), 600\u00a0\u03a9, c\u00e2n b\u1eb1ng, gi\u1eaft 6 ly, c\u00f3 th\u1ec3 ch\u1ecdn l\u00e0 RJ45<br \/>\nMIC 2-3: 1 mV (-60 dB*), 600 \u03a9, c\u00e2n b\u1eb1ng, gi\u1eaft 6 ly<br \/>\nMIC 4: 1 mV (-60 dB*) 600 \u03a9,\u00a0\u00a0c\u00e2n b\u1eb1ng, gi\u1eaft 6 ly, c\u00f3 th\u1ec3 ch\u1ecdn l\u00e0 AUX 1<br \/>\nAUX 1: 100 mV (-20 dB*), 10 k\u03a9, kh\u00f4ng c\u00e2n b\u1eb1ng, gi\u1eaft ki\u1ec3u RCA, c\u00f3 th\u1ec3 ch\u1ecdn l\u00e0 MIC 4<br \/>\nAUX 2: 100 mV (-20 dB*), 10 k\u03a9, kh\u00f4ng c\u00e2n b\u1eb1ng, gi\u1eaft ki\u1ec3u RCA<\/td>\n<\/tr>\n<tr>\n<th>Ng\u00f5 ra<\/th>\n<td>K\u1ebft n\u1ed1i Loa: Ng\u00f5 ra loa ki\u1ec3u v\u00edt xo\u1eafn<br \/>\nTr\u1edf kh\u00e1ng loa t\u01b0\u01a1ng th\u00edch:\u00a042 \u03a9 (100 V) ho\u1eb7c 4 \u03a9<br \/>\nNg\u00f5 ra ghi \u00e2m:\u00a00 dB*, 600\u00a0\u03a9, kh\u00f4ng c\u00e2n b\u1eb1ng, gi\u1eaft ki\u1ec3u RCA<\/td>\n<\/tr>\n<tr>\n<th>Ngu\u1ed3n Phantom<\/th>\n<td>DC +21 V (MIC 1)<\/td>\n<\/tr>\n<tr>\n<th>T\u1ef7 s\u1ed1 S\/N<\/th>\n<td>Tr\u00ean 60 dB<\/td>\n<\/tr>\n<tr>\n<th>\u0110\u1ed9 m\u00e9o<\/th>\n<td>D\u01b0\u1edbi 1% t\u1ea1i 1 kHz, 1\/3 c\u00f4ng su\u1ea5t ra \u0111\u1ecbnh m\u1ee9c<\/td>\n<\/tr>\n<tr>\n<th>\u0110i\u1ec3u ch\u1ec9nh \u00e2m s\u1eafc<\/th>\n<td>Bass: \u00b110 dB t\u1ea1i 100 Hz<br \/>\nTreble: \u00b110 dB t\u1ea1i 10 kHz<\/td>\n<\/tr>\n<tr>\n<th>Ng\u1eaft ti\u1ebfng<\/th>\n<td>MIC 1: Ng\u1eaft t\u00edn hi\u1ec7u c\u1ee7a c\u00e1c \u0111\u1ea7u v\u00e0o kh\u00e1c trong kho\u1ea3ng t\u1eeb 0-30 dB<\/td>\n<\/tr>\n<tr>\n<th>Hi\u1ec3n th\u1ecb<\/th>\n<td>Ngu\u1ed3n, T\u00edn hi\u1ec7u, C\u1ef1c \u0111\u1ec9nh, B\u1ea3o v\u1ec7<\/td>\n<\/tr>\n<tr>\n<th>L\u00e0m m\u00e1t<\/th>\n<td>Qu\u1ea1t l\u00e0m m\u00e1t<\/td>\n<\/tr>\n<tr>\n<th>V\u1eadt li\u1ec7u<\/th>\n<td>B\u1ea3ng \u0111i\u1ec1u khi\u1ec3n: Nh\u1ef1a ABS, \u0111en<br \/>\nV\u1ecf m\u00e1y: Th\u00e9p t\u1ea5m, \u0111en<\/td>\n<\/tr>\n<tr>\n<th>K\u00edch th\u01b0\u1edbc (R x C x S)<\/th>\n<td>420 (R) \u00d7 100.9 (C) \u00d7 357 (S) mm<\/td>\n<\/tr>\n<tr>\n<th>Kh\u1ed1i l\u01b0\u1ee3ng<\/th>\n<td>5.0 kg<\/td>\n<\/tr>\n<\/tbody>\n<\/table>\n","protected":false},"excerpt":{"rendered":"<p>A-3248D-AS\u00a0l\u00e0 t\u0103ng \u00e2m s\u1ed1 li\u1ec1n mixer\u00a0\u0111\u1ea1t \u0111\u01b0\u1ee3c hi\u1ec7u su\u1ea5t cao v\u00e0 chi ph\u00ed h\u1ee3p l\u00fd ph\u00f9 h\u1ee3p cho vi\u1ec7c ph\u00e1t<\/p>\n","protected":false},"featured_media":32503,"comment_status":"open","ping_status":"closed","template":"","meta":[],"product_brand":[218,220,227],"product_cat":[90],"product_tag":[],"class_list":{"0":"post-32505","1":"product","2":"type-product","3":"status-publish","4":"has-post-thumbnail","6":"product_brand-am-thanh-toa","7":"product_brand-amply","8":"product_brand-amply-lien-mixer","9":"product_cat-thiet-bi-am-thanh","11":"first","12":"instock","13":"shipping-taxable","14":"product-type-simple"},"_links":{"self":[{"href":"https:\/\/108giahoa.com\/index.php?rest_route=\/wp\/v2\/product\/32505","targetHints":{"allow":["GET"]}}],"collection":[{"href":"https:\/\/108giahoa.com\/index.php?rest_route=\/wp\/v2\/product"}],"about":[{"href":"https:\/\/108giahoa.com\/index.php?rest_route=\/wp\/v2\/types\/product"}],"replies":[{"embeddable":true,"href":"https:\/\/108giahoa.com\/index.php?rest_route=%2Fwp%2Fv2%2Fcomments&post=32505"}],"version-history":[{"count":1,"href":"https:\/\/108giahoa.com\/index.php?rest_route=\/wp\/v2\/product\/32505\/revisions"}],"predecessor-version":[{"id":32506,"href":"https:\/\/108giahoa.com\/index.php?rest_route=\/wp\/v2\/product\/32505\/revisions\/32506"}],"wp:featuredmedia":[{"embeddable":true,"href":"https:\/\/108giahoa.com\/index.php?rest_route=\/wp\/v2\/media\/32503"}],"wp:attachment":[{"href":"https:\/\/108giahoa.com\/index.php?rest_route=%2Fwp%2Fv2%2Fmedia&parent=32505"}],"wp:term":[{"taxonomy":"product_brand","embeddable":true,"href":"https:\/\/108giahoa.com\/index.php?rest_route=%2Fwp%2Fv2%2Fproduct_brand&post=32505"},{"taxonomy":"product_cat","embeddable":true,"href":"https:\/\/108giahoa.com\/index.php?rest_route=%2Fwp%2Fv2%2Fproduct_cat&post=32505"},{"taxonomy":"product_tag","embeddable":true,"href":"https:\/\/108giahoa.com\/index.php?rest_route=%2Fwp%2Fv2%2Fproduct_tag&post=32505"}],"curies":[{"name":"wp","href":"https:\/\/api.w.org\/{rel}","templated":true}]}}