{"id":32538,"date":"2026-04-02T08:48:24","date_gmt":"2026-04-02T08:48:24","guid":{"rendered":"https:\/\/108giahoa.com\/?post_type=product&#038;p=32538"},"modified":"2026-04-02T08:48:24","modified_gmt":"2026-04-02T08:48:24","slug":"micro-don-huong-toa-dm-270","status":"publish","type":"product","link":"https:\/\/108giahoa.com\/?product=micro-don-huong-toa-dm-270","title":{"rendered":"Micro \u0111\u01a1n h\u01b0\u1edbng: TOA DM-270"},"content":{"rendered":"<p class=\"rn-txt\"><a title=\"DM-270\" href=\"https:\/\/toavietnam.net\/411-micro-don-huong-toa-dm-270.html\" target=\"_self\">DM-270<\/a>\u00a0l\u00e0 lo\u1ea1i\u00a0<a title=\"mic TOA c\u00f3 d\u00e2y\" href=\"https:\/\/toavietnam.net\/category-92-micro-co-day.html\" target=\"_blank\" rel=\"noopener\">mic TOA c\u00f3 d\u00e2y<\/a>\u00a0ki\u1ec3u cu\u1ed9n d\u00e2y v\u1edbi ch\u1ea5t l\u01b0\u1ee3ng \u00e2m thanh r\u00f5 n\u00e9t, ph\u00f9 h\u1ee3p cho c\u00e1c thi\u1ebft b\u1ecb ph\u00e1t thanh gi\u1ecdng n\u00f3i.<\/p>\n<p class=\"rn-txt\"><em><strong>Th\u00f4ng s\u1ed1 k\u1ef9 thu\u1eadt:<\/strong><\/em><\/p>\n<table>\n<tbody>\n<tr class=\"firstRow\">\n<th>Ki\u1ec3u<\/th>\n<td>Moving coil microphone<\/td>\n<\/tr>\n<tr>\n<th>H\u01b0\u1edbng t\u00ednh<\/th>\n<td>\u0110\u01a1n h\u01b0\u1edbng<\/td>\n<\/tr>\n<tr>\n<th>Tr\u1edf kh\u00e1ng<\/th>\n<td>600 \u03a9, c\u00e2n b\u1eb1ng<\/td>\n<\/tr>\n<tr>\n<th>\u0110\u1ed9 nh\u1ea1y \u00e2m<\/th>\n<td>-52 dB (1 kHz 0 dB=1 V\/Pa)<\/td>\n<\/tr>\n<tr>\n<th>\u0110\u00e1p tuy\u1ebfn t\u1ea7n s\u1ed1<\/th>\n<td>100 Hz &#8211; 15 kHz<\/td>\n<\/tr>\n<tr>\n<th>D\u00e2y n\u1ed1i<\/th>\n<td>C\u00f3 th\u1ec3 th\u00e1o r\u1eddi<\/td>\n<\/tr>\n<tr>\n<th>\u0110\u1ed9 d\u00e0i d\u00e2y n\u1ed1i<\/th>\n<td>5 m<\/td>\n<\/tr>\n<tr>\n<th>C\u1ed5ng k\u1ebft n\u1ed1i<\/th>\n<td>XLR-3<\/td>\n<\/tr>\n<tr>\n<th>N\u00fat b\u1eadt n\u00f3i<\/th>\n<td>N\u00fat B\u1eacT\/T\u1eaeT lo\u1ea1i tr\u01b0\u1ee3t c\u00f3 kho\u1ea3ng c\u00e1ch ng\u1eafn<\/td>\n<\/tr>\n<tr>\n<th>V\u1eadt li\u1ec7u<\/th>\n<td>Th\u00e2n micro: K\u1ebdm \u0111\u00fac m\u00e0u \u0111en<br \/>\n\u0110\u1ea7u micro: Nh\u1ef1a, d\u00e2y th\u00e9p m\u1ea1 k\u1ebdm m\u00e0u \u0111en<\/td>\n<\/tr>\n<tr>\n<th>K\u00edch th\u01b0\u1edbc<\/th>\n<td>\u03a647 \u00d7 175 mm (th\u00e2n micro)<\/td>\n<\/tr>\n<tr>\n<th>Kh\u1ed1i l\u01b0\u1ee3ng<\/th>\n<td>300 g (kh\u00f4ng bao g\u1ed3m d\u00e2y n\u1ed1i)<\/td>\n<\/tr>\n<tr>\n<th>Ph\u1ee5 ki\u1ec7n k\u00e8m theo<\/th>\n<td>Gi\u00e1 \u0111\u1ee1 micro (W5\/16&#8243; 18 thread)<\/td>\n<\/tr>\n<\/tbody>\n<\/table>\n","protected":false},"excerpt":{"rendered":"<p>DM-270\u00a0l\u00e0 lo\u1ea1i\u00a0mic TOA c\u00f3 d\u00e2y\u00a0ki\u1ec3u cu\u1ed9n d\u00e2y v\u1edbi ch\u1ea5t l\u01b0\u1ee3ng \u00e2m thanh r\u00f5 n\u00e9t, ph\u00f9 h\u1ee3p cho c\u00e1c thi\u1ebft b\u1ecb<\/p>\n","protected":false},"featured_media":32539,"comment_status":"open","ping_status":"closed","template":"","meta":[],"product_brand":[218,160],"product_cat":[90],"product_tag":[],"class_list":{"0":"post-32538","1":"product","2":"type-product","3":"status-publish","4":"has-post-thumbnail","6":"product_brand-am-thanh-toa","7":"product_brand-micro","8":"product_cat-thiet-bi-am-thanh","10":"first","11":"instock","12":"shipping-taxable","13":"product-type-simple"},"_links":{"self":[{"href":"https:\/\/108giahoa.com\/index.php?rest_route=\/wp\/v2\/product\/32538","targetHints":{"allow":["GET"]}}],"collection":[{"href":"https:\/\/108giahoa.com\/index.php?rest_route=\/wp\/v2\/product"}],"about":[{"href":"https:\/\/108giahoa.com\/index.php?rest_route=\/wp\/v2\/types\/product"}],"replies":[{"embeddable":true,"href":"https:\/\/108giahoa.com\/index.php?rest_route=%2Fwp%2Fv2%2Fcomments&post=32538"}],"version-history":[{"count":1,"href":"https:\/\/108giahoa.com\/index.php?rest_route=\/wp\/v2\/product\/32538\/revisions"}],"predecessor-version":[{"id":32540,"href":"https:\/\/108giahoa.com\/index.php?rest_route=\/wp\/v2\/product\/32538\/revisions\/32540"}],"wp:featuredmedia":[{"embeddable":true,"href":"https:\/\/108giahoa.com\/index.php?rest_route=\/wp\/v2\/media\/32539"}],"wp:attachment":[{"href":"https:\/\/108giahoa.com\/index.php?rest_route=%2Fwp%2Fv2%2Fmedia&parent=32538"}],"wp:term":[{"taxonomy":"product_brand","embeddable":true,"href":"https:\/\/108giahoa.com\/index.php?rest_route=%2Fwp%2Fv2%2Fproduct_brand&post=32538"},{"taxonomy":"product_cat","embeddable":true,"href":"https:\/\/108giahoa.com\/index.php?rest_route=%2Fwp%2Fv2%2Fproduct_cat&post=32538"},{"taxonomy":"product_tag","embeddable":true,"href":"https:\/\/108giahoa.com\/index.php?rest_route=%2Fwp%2Fv2%2Fproduct_tag&post=32538"}],"curies":[{"name":"wp","href":"https:\/\/api.w.org\/{rel}","templated":true}]}}