{"id":32547,"date":"2026-04-02T08:55:50","date_gmt":"2026-04-02T08:55:50","guid":{"rendered":"https:\/\/108giahoa.com\/?post_type=product&#038;p=32547"},"modified":"2026-04-02T08:55:50","modified_gmt":"2026-04-02T08:55:50","slug":"micro-cai-ao-do-nhay-cao-toa-em-410","status":"publish","type":"product","link":"https:\/\/108giahoa.com\/?product=micro-cai-ao-do-nhay-cao-toa-em-410","title":{"rendered":"Micro c\u00e0i \u00e1o \u0111\u1ed9 nh\u1ea1y cao: TOA EM-410"},"content":{"rendered":"<p><strong>TOA EM-410<\/strong>\u00a0l\u00e0 lo\u1ea1i Micro c\u00e0i \u00e1o d\u1ea1ng \u0111i\u1ec7n dung hypercardioid \u0111\u1ed9 nh\u1ea1y cao. V\u1edbi k\u00edch th\u01b0\u1edbc g\u1ecdn nh\u1eb9, Micro \u0111\u1ea1t hi\u1ec7u qu\u1ea3 \u00e2m thanh t\u1ed1i \u01b0u khi \u0111\u01b0\u1ee3c c\u00e0i g\u1ea7n ng\u1ef1c \u00e1o.<\/p>\n<p><em><strong>Th\u00f4ng s\u1ed1 k\u1ef9 thu\u1eadt:<\/strong><\/em><\/p>\n<table>\n<tbody>\n<tr class=\"firstRow\">\n<th>Ki\u1ec3u Micro<\/th>\n<td>\u0110i\u1ec7n dung<\/td>\n<\/tr>\n<tr>\n<th>H\u01b0\u1edbng t\u00ednh<\/th>\n<td>Hypercardioid<\/td>\n<\/tr>\n<tr>\n<th>Tr\u1edf kh\u00e1ng<\/th>\n<td>120 \u03a9, c\u00e2n b\u1eb1ng<\/td>\n<\/tr>\n<tr>\n<th>\u0110\u1ed9 nh\u1ea1y \u00e2m<\/th>\n<td>-47 dB (1 kHz 0 dB=1 V\/Pa)<\/td>\n<\/tr>\n<tr>\n<th>Ngu\u1ed3n phantom<\/th>\n<td>9 &#8211; 52 V DC<\/td>\n<\/tr>\n<tr>\n<th>\u0110\u00e1p tuy\u1ebfn t\u1ea7n s\u1ed1<\/th>\n<td>100 Hz &#8211; 15 kHz<\/td>\n<\/tr>\n<tr>\n<th>K\u1ebft n\u1ed1i ng\u00f5 ra<\/th>\n<td>Gi\u1eafc phone c\u00e2n b\u1eb1ng<\/td>\n<\/tr>\n<tr>\n<th>\u0110\u1ed9 d\u00e0i c\u00e1p<\/th>\n<td>5.0 m<\/td>\n<\/tr>\n<tr>\n<th>Nhi\u1ec7t \u0111\u1ed9 ho\u1ea1t \u0111\u1ed9ng<\/th>\n<td>0 \u2103 t\u1edbi +40 \u2103<\/td>\n<\/tr>\n<tr>\n<th>V\u1eadt li\u1ec7u<\/th>\n<td>H\u1ee3p kim \u0111\u1ed3ng, s\u01a1n \u0111en b\u00f3ng<\/td>\n<\/tr>\n<tr>\n<th>K\u00edch th\u01b0\u1edbc<\/th>\n<td>\u03c68.9 \u00d7 28.6 mm (kh\u00f4ng bao g\u1ed3m d\u00e2y n\u1ed1i)<\/td>\n<\/tr>\n<tr>\n<th>Kh\u1ed1i l\u01b0\u1ee3ng<\/th>\n<td>100 g<\/td>\n<\/tr>\n<tr>\n<th>Ph\u1ee5 ki\u1ec7n \u0111i k\u00e8m<\/th>\n<td>M\u00fat b\u00f4ng x 1, C\u00e0i \u00e1o x 1<\/td>\n<\/tr>\n<\/tbody>\n<\/table>\n","protected":false},"excerpt":{"rendered":"<p>TOA EM-410\u00a0l\u00e0 lo\u1ea1i Micro c\u00e0i \u00e1o d\u1ea1ng \u0111i\u1ec7n dung hypercardioid \u0111\u1ed9 nh\u1ea1y cao. V\u1edbi k\u00edch th\u01b0\u1edbc g\u1ecdn nh\u1eb9, Micro \u0111\u1ea1t<\/p>\n","protected":false},"featured_media":32548,"comment_status":"open","ping_status":"closed","template":"","meta":[],"product_brand":[218,160],"product_cat":[90],"product_tag":[],"class_list":{"0":"post-32547","1":"product","2":"type-product","3":"status-publish","4":"has-post-thumbnail","6":"product_brand-am-thanh-toa","7":"product_brand-micro","8":"product_cat-thiet-bi-am-thanh","10":"first","11":"instock","12":"shipping-taxable","13":"product-type-simple"},"_links":{"self":[{"href":"https:\/\/108giahoa.com\/index.php?rest_route=\/wp\/v2\/product\/32547","targetHints":{"allow":["GET"]}}],"collection":[{"href":"https:\/\/108giahoa.com\/index.php?rest_route=\/wp\/v2\/product"}],"about":[{"href":"https:\/\/108giahoa.com\/index.php?rest_route=\/wp\/v2\/types\/product"}],"replies":[{"embeddable":true,"href":"https:\/\/108giahoa.com\/index.php?rest_route=%2Fwp%2Fv2%2Fcomments&post=32547"}],"version-history":[{"count":1,"href":"https:\/\/108giahoa.com\/index.php?rest_route=\/wp\/v2\/product\/32547\/revisions"}],"predecessor-version":[{"id":32549,"href":"https:\/\/108giahoa.com\/index.php?rest_route=\/wp\/v2\/product\/32547\/revisions\/32549"}],"wp:featuredmedia":[{"embeddable":true,"href":"https:\/\/108giahoa.com\/index.php?rest_route=\/wp\/v2\/media\/32548"}],"wp:attachment":[{"href":"https:\/\/108giahoa.com\/index.php?rest_route=%2Fwp%2Fv2%2Fmedia&parent=32547"}],"wp:term":[{"taxonomy":"product_brand","embeddable":true,"href":"https:\/\/108giahoa.com\/index.php?rest_route=%2Fwp%2Fv2%2Fproduct_brand&post=32547"},{"taxonomy":"product_cat","embeddable":true,"href":"https:\/\/108giahoa.com\/index.php?rest_route=%2Fwp%2Fv2%2Fproduct_cat&post=32547"},{"taxonomy":"product_tag","embeddable":true,"href":"https:\/\/108giahoa.com\/index.php?rest_route=%2Fwp%2Fv2%2Fproduct_tag&post=32547"}],"curies":[{"name":"wp","href":"https:\/\/api.w.org\/{rel}","templated":true}]}}