{"id":32556,"date":"2026-04-02T09:04:11","date_gmt":"2026-04-02T09:04:11","guid":{"rendered":"https:\/\/108giahoa.com\/?post_type=product&#038;p=32556"},"modified":"2026-04-02T09:04:12","modified_gmt":"2026-04-02T09:04:12","slug":"loa-dai-dong-truc-toa-hs-1200bt","status":"publish","type":"product","link":"https:\/\/108giahoa.com\/?product=loa-dai-dong-truc-toa-hs-1200bt","title":{"rendered":"Loa d\u1ea3i \u0111\u1ed3ng tr\u1ee5c: TOA HS-1200BT"},"content":{"rendered":"<p><a title=\"Loa d\u1ea3i \u0111\u1ed3ng tr\u1ee5c: TOA HS-1200BT\" href=\"https:\/\/toavietnam.net\/742-loa-dai-dong-truc-toa-hs-1200bt.html\" target=\"_blank\" rel=\"noopener\"><strong>HS-1200BT<\/strong><\/a>\u00a0l\u00e0 h\u1ec7 th\u1ed1ng loa 2 \u0111\u01b0\u1eddng ti\u1ebfng tr\u1edf kh\u00e1ng cao, m\u00e0u \u0111en \u0111\u01b0\u1ee3c l\u00e0m t\u1eeb nh\u1ef1a v\u1edbi m\u1ed9t loa tr\u1ea7m \u0111\u01b0\u1eddng k\u00ednh l\u1edbn. S\u1ea3n ph\u1ea9m c\u00f3 th\u1ec3 \u0111\u01b0\u1ee3c c\u00e0i \u0111\u1eb7t v\u00e0 s\u1eed d\u1ee5ng trong nhi\u1ec1u \u1ee9ng d\u1ee5ng kh\u00e1c nhau khi s\u1eed d\u1ee5ng v\u1edbi c\u00e1c tai g\u1eafn ph\u1ee5 ki\u1ec7n \u0111i k\u00e8m ho\u1eb7c t\u00f9y ch\u1ecdn.<\/p>\n<p><em><strong>Th\u00f4ng s\u1ed1 k\u1ef9 thu\u1eadt:<\/strong><\/em><\/p>\n<table>\n<tbody>\n<tr class=\"firstRow\">\n<th>Lo\u1ea1i v\u1ecf<\/th>\n<td>K\u00edn<\/td>\n<\/tr>\n<tr>\n<th>C\u00f4ng su\u1ea5t<\/th>\n<td>60 W (Tr\u1edf kh\u00e1ng cao)<\/td>\n<\/tr>\n<tr>\n<th>C\u00f4ng su\u1ea5t \u0111\u00e1p \u1ee9ng<\/th>\n<td>Continuous pink noise: 100 W (Tr\u1edf kh\u00e1ng th\u1ea5p)<br \/>\nContinuous program: 300 W (Tr\u1edf kh\u00e1ng th\u1ea5p)<\/td>\n<\/tr>\n<tr>\n<th>Tr\u1edf kh\u00e1ng<\/th>\n<td>8 \u03a9<br \/>\n100 V line: 170 \u03a9 (60 W), 330 \u03a9 (30 W), 670 \u03a9 (15 W)<br \/>\n70 V line: 83 \u03a9 (60 W), 170 \u03a9 (30 W), 330 \u03a9 (15 W), 670 \u03a9 (7.5 W)<\/td>\n<\/tr>\n<tr>\n<th>C\u01b0\u1eddng \u0111\u1ed9 \u00e2m<\/th>\n<td>97 dB (1 W, 1 m)<\/td>\n<\/tr>\n<tr>\n<th>\u0110\u00e1p tuy\u1ebfn t\u1ea7n s\u1ed1<\/th>\n<td>70 &#8211; 20,000 Hz<\/td>\n<\/tr>\n<tr>\n<th>T\u1ea7n s\u1ed1 c\u1eaft<\/th>\n<td>3 kHz<\/td>\n<\/tr>\n<tr>\n<th>G\u00f3c h\u01b0\u1edbng t\u00ednh<\/th>\n<td>Chi\u1ec1u ngang: 90\u309c, Chi\u1ec1u d\u1ecdc: 40\u309c<\/td>\n<\/tr>\n<tr>\n<th>Th\u00e0nh ph\u1ea7n loa<\/th>\n<td>Loa tr\u1ea7m: Loa h\u00ecnh n\u00f3n 30 cm<br \/>\nLoa b\u1ed5ng: Loa h\u00ecnh c\u1ea7u c\u00e2n b\u1eb1ng tweeter x 6<\/td>\n<\/tr>\n<tr>\n<th>C\u1ed5ng k\u1ebft n\u1ed1i ng\u00f5 v\u00e0o<\/th>\n<td>NEUTRIK NL4MP Speakon v\u00e0 c\u1ed5ng d\u00f9ng v\u00edt M4, kho\u1ea3ng c\u00e1ch gi\u1eefa c\u00e1c v\u00e1ch ng\u0103n: 9 mm<\/td>\n<\/tr>\n<tr>\n<th>Nhi\u1ec7t \u0111\u1ed9 ho\u1ea1t \u0111\u1ed9ng<\/th>\n<td>-10\u2103 t\u1edbi +50\u2103<\/td>\n<\/tr>\n<tr>\n<th>V\u1eadt li\u1ec7u<\/th>\n<td>V\u1ecf: Polypropylene, \u0111en<br \/>\nL\u01b0\u1edbi: Th\u00e9p x\u1eed l\u00fd b\u1ec1 m\u1eb7t, \u0111en<\/td>\n<\/tr>\n<tr>\n<th>K\u00edch th\u01b0\u1edbc<\/th>\n<td>361 (R) \u00d7 448 (C) \u00d7 320 (S) mm<\/td>\n<\/tr>\n<tr>\n<th>Kh\u1ed1i l\u01b0\u1ee3ng<\/th>\n<td>10 kg<\/td>\n<\/tr>\n<tr>\n<th>Ph\u1ee5 ki\u1ec7n \u0111i k\u00e8m<\/th>\n<td>Tay c\u1ea7m x 1, Gi\u00e1 treo tay c\u1ea7m x 2, \u1ed0c v\u00edt tay c\u1ea7m x 2, \u0110\u1ebf cao su x 2,<br \/>\n\u1ed0c v\u00edt l\u1eafp \u0111\u1ebf cao su x 2<\/td>\n<\/tr>\n<\/tbody>\n<\/table>\n","protected":false},"excerpt":{"rendered":"<p>HS-1200BT\u00a0l\u00e0 h\u1ec7 th\u1ed1ng loa 2 \u0111\u01b0\u1eddng ti\u1ebfng tr\u1edf kh\u00e1ng cao, m\u00e0u \u0111en \u0111\u01b0\u1ee3c l\u00e0m t\u1eeb nh\u1ef1a v\u1edbi m\u1ed9t loa tr\u1ea7m<\/p>\n","protected":false},"featured_media":32557,"comment_status":"open","ping_status":"closed","template":"","meta":[],"product_brand":[218,237],"product_cat":[90],"product_tag":[],"class_list":{"0":"post-32556","1":"product","2":"type-product","3":"status-publish","4":"has-post-thumbnail","6":"product_brand-am-thanh-toa","7":"product_brand-loa","8":"product_cat-thiet-bi-am-thanh","10":"first","11":"instock","12":"shipping-taxable","13":"product-type-simple"},"_links":{"self":[{"href":"https:\/\/108giahoa.com\/index.php?rest_route=\/wp\/v2\/product\/32556","targetHints":{"allow":["GET"]}}],"collection":[{"href":"https:\/\/108giahoa.com\/index.php?rest_route=\/wp\/v2\/product"}],"about":[{"href":"https:\/\/108giahoa.com\/index.php?rest_route=\/wp\/v2\/types\/product"}],"replies":[{"embeddable":true,"href":"https:\/\/108giahoa.com\/index.php?rest_route=%2Fwp%2Fv2%2Fcomments&post=32556"}],"version-history":[{"count":1,"href":"https:\/\/108giahoa.com\/index.php?rest_route=\/wp\/v2\/product\/32556\/revisions"}],"predecessor-version":[{"id":32558,"href":"https:\/\/108giahoa.com\/index.php?rest_route=\/wp\/v2\/product\/32556\/revisions\/32558"}],"wp:featuredmedia":[{"embeddable":true,"href":"https:\/\/108giahoa.com\/index.php?rest_route=\/wp\/v2\/media\/32557"}],"wp:attachment":[{"href":"https:\/\/108giahoa.com\/index.php?rest_route=%2Fwp%2Fv2%2Fmedia&parent=32556"}],"wp:term":[{"taxonomy":"product_brand","embeddable":true,"href":"https:\/\/108giahoa.com\/index.php?rest_route=%2Fwp%2Fv2%2Fproduct_brand&post=32556"},{"taxonomy":"product_cat","embeddable":true,"href":"https:\/\/108giahoa.com\/index.php?rest_route=%2Fwp%2Fv2%2Fproduct_cat&post=32556"},{"taxonomy":"product_tag","embeddable":true,"href":"https:\/\/108giahoa.com\/index.php?rest_route=%2Fwp%2Fv2%2Fproduct_tag&post=32556"}],"curies":[{"name":"wp","href":"https:\/\/api.w.org\/{rel}","templated":true}]}}