{"id":32956,"date":"2026-04-12T07:49:13","date_gmt":"2026-04-12T07:49:13","guid":{"rendered":"https:\/\/108giahoa.com\/?post_type=product&#038;p=32956"},"modified":"2026-04-12T07:49:14","modified_gmt":"2026-04-12T07:49:14","slug":"may-ep-plastic-sky-335r6","status":"publish","type":"product","link":"https:\/\/108giahoa.com\/?product=may-ep-plastic-sky-335r6","title":{"rendered":"M\u00c1Y \u00c9P PLASTIC SKY 335R6"},"content":{"rendered":"<p><em>&#8211; M\u00e1y \u00e9p chuy\u00ean nghi\u1ec7p t\u1ed1c \u0111\u1ed9 cao<\/em><\/p>\n<p><em>&#8211; \u00c9p n\u00f3ng, \u00e9p ngu\u1ed9i, \u00c9p kh\u1ed5 gi\u1ea5y t\u1ed1i \u0111a A3<\/em><\/p>\n<p><em>&#8211; \u0110\u1ed9 r\u1ed9ng mi\u1ec7ng \u00e9p: 335mm<\/em><\/p>\n<p><em>&#8211; T\u1ed1c \u0111\u1ed9 \u00e9p r\u1ea5t nhanh: 1.400mm\/Ph\u00fat<\/em><\/p>\n<p><em>&#8211; \u0110\u1ed9 d\u00e0y film \u00e9p t\u1ed1i \u0111a 350 mic<\/em><\/p>\n<p><em>&#8211; 6 tr\u1ee5c rul\u00f4 \u00e9p \u0111\u1eb7c bi\u1ec7t ch\u1ed1ng b\u00e1m d\u00ednh<\/em><\/p>\n<p><em>&#8211; M\u00e0n h\u00ecnh LCD hi\u1ec3n th\u1ecb<\/em><\/p>\n<p>&#8211; <em>Ch\u1ee9c n\u0103ng \u00e9p \u1ea3nh tuy\u1ec7t \u0111\u1eb9p<\/em><\/p>\n<p>&#8211; <em>Ch\u1ee9c n\u0103ng \u0111\u1eb7c bi\u1ec7t ch\u1ed1ng k\u1eb9t film \u00e9p<\/em><\/p>\n<p><em>&#8211; Ch\u1ee9c n\u0103ng \u0111i\u1ec1u ch\u1ec9nh nhi\u1ec7t \u0111\u1ed9<\/em><\/p>\n<p><em>&#8211; Ch\u1ee9c n\u0103ng \u0111i\u1ec1u ch\u1ec9nh t\u1ed1c \u0111\u1ed9<\/em><\/p>\n<p><em>&#8211; Ch\u1ee9c n\u0103ng tr\u1ea3 ng\u01b0\u1ee3c film \u00e9p<\/em><\/p>\n<p><em>&#8211; Th\u1eddi gian n\u00f3ng: 5 ph\u00fat<\/em><\/p>\n<p>&#8211; \u0110\u1ecbnh l\u01b0\u1ee3ng gi\u1ea5y \u00e9p: 25-350 micron<\/p>\n<p>&#8211; Nhi\u1ec7t \u0111\u1ed9 140<sup>o<\/sup>C, 1.050W<\/p>\n<p><em>&#8211; H\u1ec7 th\u1ed1ng l\u00e0m m\u00e1t m\u00e1y Air Cooling Fan gi\u00fap m\u00e1y ho\u1ea1t \u0111\u1ed9ng li\u00ean t\u1ee5c 24h<\/em><\/p>\n<p><em>&#8211; Th\u00e2n m\u00e1y b\u1eb1ng kim lo\u1ea1i si\u00eau b\u1ec1n<\/em><\/p>\n<p>&#8211; K\u00edch th\u01b0\u1edbc: 545x250x125mm<\/p>\n<p>&#8211; Tr\u1ecdng l\u01b0\u1ee3ng: 15 kg<\/p>\n","protected":false},"excerpt":{"rendered":"<p>&#8211; M\u00e1y \u00e9p chuy\u00ean nghi\u1ec7p t\u1ed1c \u0111\u1ed9 cao &#8211; \u00c9p n\u00f3ng, \u00e9p ngu\u1ed9i, \u00c9p kh\u1ed5 gi\u1ea5y t\u1ed1i \u0111a A3 &#8211;<\/p>\n","protected":false},"featured_media":32958,"comment_status":"open","ping_status":"closed","template":"","meta":[],"product_brand":[111],"product_cat":[91],"product_tag":[],"class_list":{"0":"post-32956","1":"product","2":"type-product","3":"status-publish","4":"has-post-thumbnail","6":"product_brand-may-ep","7":"product_cat-thiet-bi-cntt","9":"first","10":"instock","11":"shipping-taxable","12":"product-type-simple"},"_links":{"self":[{"href":"https:\/\/108giahoa.com\/index.php?rest_route=\/wp\/v2\/product\/32956","targetHints":{"allow":["GET"]}}],"collection":[{"href":"https:\/\/108giahoa.com\/index.php?rest_route=\/wp\/v2\/product"}],"about":[{"href":"https:\/\/108giahoa.com\/index.php?rest_route=\/wp\/v2\/types\/product"}],"replies":[{"embeddable":true,"href":"https:\/\/108giahoa.com\/index.php?rest_route=%2Fwp%2Fv2%2Fcomments&post=32956"}],"version-history":[{"count":1,"href":"https:\/\/108giahoa.com\/index.php?rest_route=\/wp\/v2\/product\/32956\/revisions"}],"predecessor-version":[{"id":32959,"href":"https:\/\/108giahoa.com\/index.php?rest_route=\/wp\/v2\/product\/32956\/revisions\/32959"}],"wp:featuredmedia":[{"embeddable":true,"href":"https:\/\/108giahoa.com\/index.php?rest_route=\/wp\/v2\/media\/32958"}],"wp:attachment":[{"href":"https:\/\/108giahoa.com\/index.php?rest_route=%2Fwp%2Fv2%2Fmedia&parent=32956"}],"wp:term":[{"taxonomy":"product_brand","embeddable":true,"href":"https:\/\/108giahoa.com\/index.php?rest_route=%2Fwp%2Fv2%2Fproduct_brand&post=32956"},{"taxonomy":"product_cat","embeddable":true,"href":"https:\/\/108giahoa.com\/index.php?rest_route=%2Fwp%2Fv2%2Fproduct_cat&post=32956"},{"taxonomy":"product_tag","embeddable":true,"href":"https:\/\/108giahoa.com\/index.php?rest_route=%2Fwp%2Fv2%2Fproduct_tag&post=32956"}],"curies":[{"name":"wp","href":"https:\/\/api.w.org\/{rel}","templated":true}]}}